{"id":9238,"date":"2024-06-11T09:38:00","date_gmt":"2024-06-11T12:38:00","guid":{"rendered":"https:\/\/caminhodafe.com.br\/ptbr\/?page_id=9238"},"modified":"2025-05-28T09:36:16","modified_gmt":"2025-05-28T12:36:16","slug":"camiseta-juff-masculina-gola-redonda","status":"publish","type":"page","link":"https:\/\/caminhodafe.com.br\/ptbr\/camiseta-juff-masculina-gola-redonda\/","title":{"rendered":"Camiseta Juff Gola Redonda"},"content":{"rendered":"<section class=\"wpb-content-wrapper\"><p>[vc_row][vc_column][\/vc_column][\/vc_row][vc_row][vc_column width=&#8221;2\/3&#8243;][vc_single_image image=&#8221;10208&#8243; img_size=&#8221;medium&#8221; onclick=&#8221;link_image&#8221;][vc_row_inner][vc_column_inner width=&#8221;1\/3&#8243;][vc_single_image image=&#8221;10208&#8243; onclick=&#8221;link_image&#8221;][vc_single_image image=&#8221;10205&#8243; onclick=&#8221;link_image&#8221;][\/vc_column_inner][vc_column_inner width=&#8221;1\/3&#8243;][vc_single_image image=&#8221;9229&#8243; onclick=&#8221;link_image&#8221;][vc_single_image image=&#8221;9231&#8243; onclick=&#8221;link_image&#8221;][\/vc_column_inner][vc_column_inner width=&#8221;1\/3&#8243;][vc_single_image image=&#8221;9232&#8243; onclick=&#8221;link_image&#8221;][vc_single_image image=&#8221;9230&#8243; onclick=&#8221;link_image&#8221;][\/vc_column_inner][\/vc_row_inner][\/vc_column][vc_column width=&#8221;1\/3&#8243;][vc_column_text]<\/p>\n<h3><strong>Detalhes do Produto<\/strong><\/h3>\n<h3 class=\"wpb_heading wpb_singleimage_heading\">Camiseta Juff Gola Redonda<\/h3>\n<p>Tamanhos dispon\u00edveis:<\/p>\n<p>P, M, G, GG e EXG<\/p>\n<p>Cores: Branca, Azul ou Preta<\/p>\n<h3>Pre\u00e7o: R$ 89,90<\/h3>\n<p>[\/vc_column_text][vc_row_inner][vc_column_inner][vc_btn title=&#8221;Comprar (Voc\u00ea ser\u00e1 redirecionado para o WhastApp da Associa\u00e7\u00e3o)&#8221; color=&#8221;success&#8221; align=&#8221;center&#8221; button_block=&#8221;true&#8221; link=&#8221;url:https%3A%2F%2Fcaminhodafe.com.br%2Fptbr%2Fcamiseta-juff-masculina-gola-redonda%2F|title:Camiseta%20Juff%20Masculina%20Gola%20Redonda||&#8221;][\/vc_column_inner][\/vc_row_inner][\/vc_column][\/vc_row]<\/p>\n<\/section>","protected":false},"excerpt":{"rendered":"<p>[vc_row][vc_column][\/vc_column][\/vc_row][vc_row][vc_column width=&#8221;2\/3&#8243;][vc_single_image image=&#8221;10208&#8243; img_size=&#8221;medium&#8221; onclick=&#8221;link_image&#8221;][vc_row_inner][vc_column_inner width=&#8221;1\/3&#8243;][vc_single_image image=&#8221;10208&#8243; onclick=&#8221;link_image&#8221;][vc_single_image image=&#8221;10205&#8243; onclick=&#8221;link_image&#8221;][\/vc_column_inner][vc_column_inner width=&#8221;1\/3&#8243;][vc_single_image image=&#8221;9229&#8243; onclick=&#8221;link_image&#8221;][vc_single_image image=&#8221;9231&#8243; onclick=&#8221;link_image&#8221;][\/vc_column_inner][vc_column_inner width=&#8221;1\/3&#8243;][vc_single_image image=&#8221;9232&#8243; onclick=&#8221;link_image&#8221;][vc_single_image image=&#8221;9230&#8243; onclick=&#8221;link_image&#8221;][\/vc_column_inner][\/vc_row_inner][\/vc_column][vc_column width=&#8221;1\/3&#8243;][vc_column_text] Detalhes do Produto Camiseta Juff Gola Redonda Tamanhos dispon\u00edveis: P, M, G, GG e EXG Cores: Branca, Azul ou Preta Pre\u00e7o: R$ 89,90 [\/vc_column_text][vc_row_inner][vc_column_inner][vc_btn title=&#8221;Comprar (Voc\u00ea ser\u00e1 redirecionado para o WhastApp da Associa\u00e7\u00e3o)&#8221; color=&#8221;success&#8221; align=&#8221;center&#8221; button_block=&#8221;true&#8221; link=&#8221;url:https%3A%2F%2Fcaminhodafe.com.br%2Fptbr%2Fcamiseta-juff-masculina-gola-redonda%2F|title:Camiseta%20Juff%20Masculina%20Gola%20Redonda||&#8221;][\/vc_column_inner][\/vc_row_inner][\/vc_column][\/vc_row]<\/p>\n","protected":false},"author":2,"featured_media":0,"parent":0,"menu_order":0,"comment_status":"closed","ping_status":"closed","template":"","meta":{"content-type":"","_monsterinsights_skip_tracking":false,"_monsterinsights_sitenote_active":false,"_monsterinsights_sitenote_note":"","_monsterinsights_sitenote_category":0,"footnotes":""},"class_list":["post-9238","page","type-page","status-publish","hentry"],"_links":{"self":[{"href":"https:\/\/caminhodafe.com.br\/ptbr\/wp-json\/wp\/v2\/pages\/9238","targetHints":{"allow":["GET"]}}],"collection":[{"href":"https:\/\/caminhodafe.com.br\/ptbr\/wp-json\/wp\/v2\/pages"}],"about":[{"href":"https:\/\/caminhodafe.com.br\/ptbr\/wp-json\/wp\/v2\/types\/page"}],"author":[{"embeddable":true,"href":"https:\/\/caminhodafe.com.br\/ptbr\/wp-json\/wp\/v2\/users\/2"}],"replies":[{"embeddable":true,"href":"https:\/\/caminhodafe.com.br\/ptbr\/wp-json\/wp\/v2\/comments?post=9238"}],"version-history":[{"count":8,"href":"https:\/\/caminhodafe.com.br\/ptbr\/wp-json\/wp\/v2\/pages\/9238\/revisions"}],"predecessor-version":[{"id":10217,"href":"https:\/\/caminhodafe.com.br\/ptbr\/wp-json\/wp\/v2\/pages\/9238\/revisions\/10217"}],"wp:attachment":[{"href":"https:\/\/caminhodafe.com.br\/ptbr\/wp-json\/wp\/v2\/media?parent=9238"}],"curies":[{"name":"wp","href":"https:\/\/api.w.org\/{rel}","templated":true}]}}