{"id":7803,"date":"2022-11-22T15:26:09","date_gmt":"2022-11-22T18:26:09","guid":{"rendered":"https:\/\/caminhodafe.com.br\/ptbr\/?page_id=7803"},"modified":"2026-05-04T10:55:35","modified_gmt":"2026-05-04T13:55:35","slug":"bom-caminho-aurea","status":"publish","type":"page","link":"https:\/\/caminhodafe.com.br\/ptbr\/bom-caminho-aurea\/","title":{"rendered":"Bom Caminho &#8211; por Aurea Bisan"},"content":{"rendered":"<section class=\"wpb-content-wrapper\"><p>[vc_row][vc_column][vc_single_image image=&#8221;11859&#8243; img_size=&#8221;400&#215;400&#8243; alignment=&#8221;center&#8221;][\/vc_column][\/vc_row][vc_row][vc_column width=&#8221;1\/2&#8243;][vc_gallery interval=&#8221;3&#8243; images=&#8221;11771,11772,11773,11860&#8243; img_size=&#8221;800&#215;800&#8243;][vc_column_text]Peregrina desde 2014, Aurea Bisan chegou ao Caminho da F\u00e9 buscando fortalecer sua f\u00e9 e foi escolhida pelo Caminho para ser \u201ccaminho\u201d para que muitos peregrinos pudessem viver seu prop\u00f3sito. Casada com Emerson Bisan, educador f\u00edsico e fundador da Nova Equipe Assessoria Esportiva que tem como miss\u00e3o incentivar a qualidade de vida f\u00edsica e mental de seus clientes. Seguindo nesta miss\u00e3o, o Bom Caminho Peregrinos (por Aurea Bisan) veio para dar suporte aos que buscam, atrav\u00e9s da peregrina\u00e7\u00e3o, o autoconhecimento, sintonia com a natureza e conex\u00e3o espiritual. Temos como prioridade oferecer ao peregrino: seguran\u00e7a, conforto e acolhimento, para que possam viver e desfrutar seu caminho intensamente. Queremos desmistificar a peregrina\u00e7\u00e3o como um ato simplesmente de penit\u00eancia, promovendo uma viv\u00eancia em grupo, onde o peregrino al\u00e9m de apreciar os encantamentos do caminho com suas belas paisagens, o acolhimento do povo local ainda pode desfrutar da deliciosa gastronomia mineira.[\/vc_column_text][vc_gallery interval=&#8221;3&#8243; images=&#8221;11856&#8243; img_size=&#8221;800&#215;600&#8243;][vc_column_text]<img loading=\"lazy\" decoding=\"async\" class=\"alignnone size-medium wp-image-11277 aligncenter\" src=\"https:\/\/caminhodafe.com.br\/ptbr\/wp-content\/uploads\/2025\/12\/Foto-3.jpg\" alt=\"\" width=\"1\" height=\"1\" \/><span style=\"font-size: 16px;\">Somos uma equipe formada por mulheres que com sensibilidade, alegria e empatia tornamos a jornada do peregrino mais leve, simples e poss\u00edvel. Liderada por Aurea Bisan \u2013 Guia credenciada pela Associa\u00e7\u00e3o do Caminho da F\u00e9, Secret\u00e1ria Executiva de forma\u00e7\u00e3o, peregrina de cora\u00e7\u00e3o e guia de peregrinos por op\u00e7\u00e3o. Peregrina h\u00e1 mais de 10 anos, j\u00e1 percorreu algumas rotas de peregrina\u00e7\u00e3o, incluindo 800 km no Caminho de Santiago Franc\u00eas em maio\/2025.<\/span><\/p>\n<h4>Al\u00e9m do Caminho da F\u00e9, guia grupos pelo Caminho de Santiago Portugu\u00eas Central, Rota da Luz (Mogi das Cruzes a Aparecida) e Caminhos de Caravaggio (Sul).<\/h4>\n<p>&nbsp;<\/p>\n<p>[\/vc_column_text][vc_gallery interval=&#8221;3&#8243; images=&#8221;11775,11776&#8243; img_size=&#8221;800&#215;600&#8243;][vc_column_text]Fortalecendo o trabalho em equipe, suas irm\u00e3s Zilda Borges e Maisa Andrade, tamb\u00e9m peregrinas, acompanham o grupo na caminhada, orientando, assessorando os peregrinos em toda log\u00edstica para que possam focar suas energias para o que verdadeiramente importa: Viver o Caminho! Contamos ainda com o carro de apoio, guiado por profissional experiente, que durante a caminhada d\u00e1 todo suporte ao peregrino, transportando a mochila, fornecendo \u00e1gua, caf\u00e9, biscoitos e frutas. Juntos desenvolvemos um trabalho cheio de amor e cuidado, visando tornar a peregrina\u00e7\u00e3o uma viv\u00eancia transformadora e inesquec\u00edvel![\/vc_column_text][vc_column_text]<strong>A Assessoria<\/strong> inclui os servi\u00e7os descritos abaixo:<\/p>\n<ul>\n<li>Transfer de S\u00e3o Paulo a cidade inicial e retorno de Aparecida a S\u00e3o Paulo<br \/>\n<strong>(DIFERENCIAL DA EQUIPE)<\/strong><\/li>\n<li>Pousadas com caf\u00e9 da manh\u00e3 (algumas com jantar conforme descritivo de venda)<\/li>\n<li>Carro de apoio para transporte de mochilas<\/li>\n<li>Assessoria no preparo f\u00edsico com planilha de caminhada<br \/>\n(pelo Ed. F\u00edsico Emerson Bisan &#8211; CREF: 002828-G\/SP)<\/li>\n<li>Consultoria na escolha dos equipamentos (mochila\/ t\u00eanis, etc) \u2013 com cupons de desconto da loja Kailash e Mundo Terra<\/li>\n<li>Kit peregrino com ecobag, camiseta e brindes<\/li>\n<li>Seguro para acidentes pessoais<\/li>\n<li>Credencial e Certificado Peregrino<\/li>\n<\/ul>\n<p>&nbsp;<\/p>\n<p>BOM CAMINHO &#8211; POR AUREA BISAN<\/p>\n<p>contato: 11 91463-0085<br \/>\nWhatsapp: <a href=\"https:\/\/wa.me\/message\/GEGSJJQT6IHHN1\">https:\/\/wa.me\/message\/GEGSJJQT6IHHN1<\/a><br \/>\nInstagram: <a href=\"https:\/\/www.instagram.com\/bomcaminho.aureabisan\">@bomcaminho.aureabisan<\/a>[\/vc_column_text][\/vc_column][vc_column width=&#8221;1\/2&#8243;][vc_gallery interval=&#8221;3&#8243; images=&#8221;11871,11872,11884,11882,11881,11880&#8243; img_size=&#8221;800&#215;800&#8243;][vc_column_text]<\/p>\n<h4><span style=\"color: #000080;\"><strong>SA\u00cdDAS PREVISTAS PARA 2026<\/strong><\/span><\/h4>\n<h4><strong><u><b>JUNHO (CORPUS CHRISTI)<\/b><\/u><\/strong><\/h4>\n<h4>03 a 07\/JUN &#8211; PARAIS\u00d3POLIS A APARECIDA (100 KM)<\/h4>\n<h4>18 a 26\/JUN &#8211; BORDA DA MATA A APARECIDA (180 KM)<\/h4>\n<h4><strong><u><b>JULHO (F\u00c9RIAS)<\/b><\/u><\/strong><\/h4>\n<h4>07\/JUL A 13\/JUL &#8211; ESTIVA A APARECIDA (150 KM)<\/h4>\n<h4>09\/JUL A 21\/JUL &#8211; \u00c1GUAS DA PRATA A APARECIDA (300 KM)<\/h4>\n<h4>26\/JUL A 03\/AGO &#8211; BORDA DA MATA A APARECIDA (180 KM)<\/h4>\n<h4><strong><u><b>SETEMBRO (FERIADO 7 SETEMBRO)<br \/>\n<\/b><\/u><\/strong><\/h4>\n<h4>04\/SET A 08\/SET &#8211; PARAIS\u00d3POLIS A APARECIDA (100 KM)<\/h4>\n<h4><strong><u><b>OUTUBRO (FERIADO NOSSA SENHORA)<\/b><\/u><\/strong><\/h4>\n<h4>07 A 13\/OUT &#8211; ESTIVA A APARECIDA (150 KM)<\/h4>\n<h4>30\/OUT A 02\/NOV &#8211; CAMPOS DO JORD\u00c3O A APARECIDA (50 KM)<\/h4>\n<h4><strong><u><b>NOVEMBRO (FERIADO CONSC. NEGRA)<\/b><\/u><\/strong><\/h4>\n<h4>17 A 21\/11 &#8211; ESTIVA A APARECIDA (150 KM)<\/h4>\n<p>[\/vc_column_text][\/vc_column][\/vc_row][vc_row][vc_column][vc_separator color=&#8221;blue&#8221;][vc_column_text]<\/p>\n<h3 style=\"text-align: center;\"><span style=\"color: #000080;\"><strong>DEPOIMENTOS<\/strong><\/span><\/h3>\n<p>[\/vc_column_text][\/vc_column][\/vc_row][vc_row][vc_column width=&#8221;1\/3&#8243;][vc_single_image image=&#8221;11782&#8243; img_size=&#8221;1080&#215;1350&#8243; onclick=&#8221;img_link_large&#8221; img_link_target=&#8221;_blank&#8221;][\/vc_column][vc_column width=&#8221;1\/3&#8243;][vc_single_image image=&#8221;11779&#8243; img_size=&#8221;1080&#215;1350&#8243; onclick=&#8221;img_link_large&#8221; img_link_target=&#8221;_blank&#8221;][\/vc_column][vc_column width=&#8221;1\/3&#8243;][vc_single_image image=&#8221;11781&#8243; img_size=&#8221;1080&#215;1350&#8243; onclick=&#8221;img_link_large&#8221; img_link_target=&#8221;_blank&#8221;][\/vc_column][\/vc_row][vc_row][vc_column width=&#8221;1\/3&#8243;][vc_single_image image=&#8221;11778&#8243; img_size=&#8221;1080&#215;1350&#8243; onclick=&#8221;img_link_large&#8221; img_link_target=&#8221;_blank&#8221;][\/vc_column][vc_column width=&#8221;1\/3&#8243;][vc_single_image image=&#8221;11780&#8243; img_size=&#8221;1080&#215;1350&#8243; onclick=&#8221;img_link_large&#8221; img_link_target=&#8221;_blank&#8221;][\/vc_column][vc_column width=&#8221;1\/3&#8243;][vc_single_image image=&#8221;11783&#8243; img_size=&#8221;1080&#215;1350&#8243; onclick=&#8221;img_link_large&#8221; img_link_target=&#8221;_blank&#8221;][\/vc_column][\/vc_row][vc_row][vc_column][vc_separator color=&#8221;blue&#8221;][vc_column_text]<\/p>\n<h3 style=\"text-align: center;\"><span style=\"color: #000080;\"><strong>P\u00daBLICO<\/strong><\/span><\/h3>\n<p>[\/vc_column_text][\/vc_column][\/vc_row][vc_row][vc_column width=&#8221;1\/5&#8243;][vc_single_image image=&#8221;7549&#8243; alignment=&#8221;center&#8221; onclick=&#8221;link_image&#8221; css=&#8221;.vc_custom_1665428583204{border-radius: 1px !important;}&#8221; title=&#8221;Homens&#8221;][\/vc_column][vc_column width=&#8221;1\/5&#8243;][vc_single_image image=&#8221;7548&#8243; alignment=&#8221;center&#8221; onclick=&#8221;link_image&#8221; css=&#8221;.vc_custom_1665428591409{border-radius: 1px !important;}&#8221; title=&#8221;Mulheres&#8221;][\/vc_column][vc_column width=&#8221;1\/5&#8243;][vc_single_image image=&#8221;7547&#8243; alignment=&#8221;center&#8221; onclick=&#8221;link_image&#8221; css=&#8221;.vc_custom_1665428598480{border-radius: 1px !important;}&#8221; title=&#8221;Fam\u00edlias&#8221;][\/vc_column][vc_column width=&#8221;1\/5&#8243;][vc_single_image image=&#8221;7555&#8243; alignment=&#8221;center&#8221; onclick=&#8221;link_image&#8221; css=&#8221;.vc_custom_1665428605080{border-radius: 1px !important;}&#8221; title=&#8221;Grupos&#8221;][\/vc_column][vc_column width=&#8221;1\/5&#8243;][vc_single_image image=&#8221;7550&#8243; alignment=&#8221;center&#8221; onclick=&#8221;link_image&#8221; css=&#8221;.vc_custom_1665669340312{border-radius: 1px !important;}&#8221; title=&#8221;60 +&#8221;][\/vc_column][\/vc_row][vc_row][vc_column width=&#8221;1\/5&#8243;][vc_single_image image=&#8221;7546&#8243; alignment=&#8221;center&#8221; onclick=&#8221;link_image&#8221; css=&#8221;.vc_custom_1665669405253{border-radius: 1px !important;}&#8221; title=&#8221;Pessoa com Defici\u00eancia Visual&#8221;][\/vc_column][vc_column width=&#8221;1\/5&#8243;][vc_single_image image=&#8221;7540&#8243; alignment=&#8221;center&#8221; onclick=&#8221;link_image&#8221; css=&#8221;.vc_custom_1738074396275{border-radius: 1px !important;}&#8221; title=&#8221;Pessoa com Defici\u00eancia Auditiva&#8221;][\/vc_column][vc_column width=&#8221;1\/5&#8243;][\/vc_column][vc_column width=&#8221;1\/5&#8243;][\/vc_column][vc_column width=&#8221;1\/5&#8243;][\/vc_column][\/vc_row][vc_row][vc_column][vc_separator color=&#8221;blue&#8221;][vc_column_text]<\/p>\n<h3 style=\"text-align: center;\"><span style=\"color: #000080;\"><strong>MODAL<\/strong><\/span><\/h3>\n<p>[\/vc_column_text][\/vc_column][\/vc_row][vc_row][vc_column width=&#8221;1\/5&#8243;][vc_single_image image=&#8221;7551&#8243; alignment=&#8221;center&#8221; onclick=&#8221;link_image&#8221; css=&#8221;.vc_custom_1665428664295{border-radius: 1px !important;}&#8221; title=&#8221;Peregrino&#8221;][\/vc_column][vc_column width=&#8221;1\/5&#8243;][\/vc_column][vc_column width=&#8221;1\/5&#8243;][\/vc_column][vc_column width=&#8221;1\/5&#8243;][\/vc_column][vc_column width=&#8221;1\/5&#8243;][\/vc_column][\/vc_row][vc_row][vc_column][vc_separator color=&#8221;blue&#8221;][vc_column_text]<\/p>\n<h3 style=\"text-align: center;\"><span style=\"color: #000080;\"><strong>INFRAESTRUTURA TUR\u00cdSTICA<\/strong><\/span><\/h3>\n<p>[\/vc_column_text][\/vc_column][\/vc_row][vc_row][vc_column width=&#8221;1\/5&#8243;][vc_single_image image=&#8221;7556&#8243; alignment=&#8221;center&#8221; onclick=&#8221;link_image&#8221; css=&#8221;.vc_custom_1665669258921{border-radius: 1px !important;}&#8221; title=&#8221;Qualifica\u00e7\u00e3o Profissional&#8221;][\/vc_column][vc_column width=&#8221;1\/5&#8243;][vc_single_image image=&#8221;7543&#8243; alignment=&#8221;center&#8221; onclick=&#8221;link_image&#8221; css=&#8221;.vc_custom_1665428757241{border-radius: 1px !important;}&#8221; title=&#8221;Transporte de Bagagem&#8221;][\/vc_column][vc_column width=&#8221;1\/5&#8243;][vc_single_image image=&#8221;7545&#8243; alignment=&#8221;center&#8221; onclick=&#8221;link_image&#8221; css=&#8221;.vc_custom_1665428765161{border-radius: 1px !important;}&#8221; title=&#8221;Hospedagem&#8221;][\/vc_column][vc_column width=&#8221;1\/5&#8243;][vc_single_image image=&#8221;7541&#8243; alignment=&#8221;center&#8221; onclick=&#8221;link_image&#8221; css=&#8221;.vc_custom_1665428772488{border-radius: 1px !important;}&#8221; title=&#8221;Alimenta\u00e7\u00e3o&#8221;][\/vc_column][vc_column width=&#8221;1\/5&#8243;][\/vc_column][\/vc_row][vc_row][vc_column][vc_separator color=&#8221;blue&#8221;][vc_column_text]<\/p>\n<h3 style=\"text-align: center;\"><span style=\"color: #000080;\"><strong>APOIO<\/strong><\/span><\/h3>\n<p>[\/vc_column_text][\/vc_column][\/vc_row][vc_row][vc_column width=&#8221;1\/5&#8243;][vc_single_image image=&#8221;7542&#8243; alignment=&#8221;center&#8221; onclick=&#8221;link_image&#8221; css=&#8221;.vc_custom_1665433779918{border-radius: 1px !important;}&#8221; title=&#8221;Ve\u00edculo&#8221;][\/vc_column][vc_column width=&#8221;1\/5&#8243;][\/vc_column][vc_column width=&#8221;1\/5&#8243;][\/vc_column][vc_column width=&#8221;1\/5&#8243;][\/vc_column][vc_column width=&#8221;1\/5&#8243;][\/vc_column][\/vc_row][vc_row][vc_column][vc_separator color=&#8221;blue&#8221;][vc_column_text]<\/p>\n<h3 style=\"text-align: center;\"><span style=\"color: #000080;\"><strong>SEGURAN\u00c7A<\/strong><\/span><\/h3>\n<p>[\/vc_column_text][\/vc_column][\/vc_row][vc_row][vc_column width=&#8221;1\/5&#8243;][vc_single_image image=&#8221;7557&#8243; alignment=&#8221;center&#8221; onclick=&#8221;link_image&#8221; css=&#8221;.vc_custom_1665428886366{border-radius: 1px !important;}&#8221; title=&#8221;Sistema de Gest\u00e3o de Seguran\u00e7a&#8221;][\/vc_column][vc_column width=&#8221;1\/5&#8243;][vc_single_image image=&#8221;7553&#8243; alignment=&#8221;center&#8221; onclick=&#8221;link_image&#8221; css=&#8221;.vc_custom_1665428859352{border-radius: 1px !important;}&#8221; title=&#8221;Primeiros Socorros&#8221;][\/vc_column][vc_column width=&#8221;1\/5&#8243;][\/vc_column][vc_column width=&#8221;1\/5&#8243;][\/vc_column][vc_column width=&#8221;1\/5&#8243;][\/vc_column][\/vc_row][vc_row][vc_column][vc_column_text]<\/p>\n<h4 style=\"text-align: center;\"><strong>As informa\u00e7\u00f5es contidas nesta p\u00e1gina s\u00e3o de inteira responsabilidade do prestador de servi\u00e7o.<\/strong><\/h4>\n<p>[\/vc_column_text][\/vc_column][\/vc_row]<\/p>\n<\/section>","protected":false},"excerpt":{"rendered":"<p>[vc_row][vc_column][vc_single_image image=&#8221;11859&#8243; img_size=&#8221;400&#215;400&#8243; alignment=&#8221;center&#8221;][\/vc_column][\/vc_row][vc_row][vc_column width=&#8221;1\/2&#8243;][vc_gallery interval=&#8221;3&#8243; images=&#8221;11771,11772,11773,11860&#8243; img_size=&#8221;800&#215;800&#8243;][vc_column_text]Peregrina desde 2014, Aurea Bisan chegou ao Caminho da F\u00e9 buscando fortalecer sua f\u00e9 e foi escolhida pelo Caminho para ser \u201ccaminho\u201d para que muitos peregrinos pudessem viver seu prop\u00f3sito. Casada com Emerson Bisan, educador f\u00edsico e fundador da Nova Equipe Assessoria Esportiva que tem como miss\u00e3o incentivar a qualidade de vida f\u00edsica e mental de seus clientes. Seguindo nesta miss\u00e3o, o Bom Caminho Peregrinos (por Aurea Bisan) veio para dar suporte aos que buscam, atrav\u00e9s da peregrina\u00e7\u00e3o, o autoconhecimento, sintonia com a natureza e conex\u00e3o espiritual. Temos como prioridade oferecer ao peregrino: seguran\u00e7a, conforto e acolhimento, para que possam viver e desfrutar seu caminho intensamente. Queremos desmistificar a peregrina\u00e7\u00e3o como um ato simplesmente de penit\u00eancia, promovendo uma viv\u00eancia em grupo, onde o peregrino al\u00e9m de apreciar os encantamentos do caminho com suas belas paisagens, o acolhimento do povo local ainda pode desfrutar da deliciosa gastronomia mineira.[\/vc_column_text][vc_gallery interval=&#8221;3&#8243; images=&#8221;11856&#8243; img_size=&#8221;800&#215;600&#8243;][vc_column_text]Somos uma equipe formada por mulheres que com sensibilidade, alegria e empatia tornamos a jornada do peregrino mais leve, simples e poss\u00edvel. Liderada por Aurea Bisan \u2013 Guia credenciada pela Associa\u00e7\u00e3o do Caminho da F\u00e9, Secret\u00e1ria Executiva de forma\u00e7\u00e3o, peregrina de cora\u00e7\u00e3o e guia de peregrinos por op\u00e7\u00e3o. Peregrina h\u00e1 mais de 10 anos, j\u00e1 percorreu algumas rotas de peregrina\u00e7\u00e3o, incluindo 800 km no Caminho de Santiago Franc\u00eas em maio\/2025. Al\u00e9m do Caminho da F\u00e9, guia grupos pelo Caminho de Santiago Portugu\u00eas Central, Rota da Luz (Mogi das Cruzes a Aparecida) e Caminhos de Caravaggio (Sul). &nbsp; [\/vc_column_text][vc_gallery interval=&#8221;3&#8243; images=&#8221;11775,11776&#8243; img_size=&#8221;800&#215;600&#8243;][vc_column_text]Fortalecendo o trabalho em equipe, suas irm\u00e3s Zilda Borges e Maisa Andrade, tamb\u00e9m peregrinas, acompanham o grupo na caminhada, orientando, assessorando os peregrinos em toda log\u00edstica para que possam focar suas energias para o que verdadeiramente importa: Viver o Caminho! Contamos ainda com o carro de apoio, guiado por profissional experiente, que durante a caminhada d\u00e1 todo suporte ao peregrino, transportando a mochila, fornecendo \u00e1gua, caf\u00e9, biscoitos e frutas. Juntos desenvolvemos um trabalho cheio de amor e cuidado, visando tornar a peregrina\u00e7\u00e3o uma viv\u00eancia transformadora e inesquec\u00edvel![\/vc_column_text][vc_column_text]A Assessoria inclui os servi\u00e7os descritos abaixo: Transfer de S\u00e3o Paulo a cidade inicial e retorno de Aparecida a S\u00e3o Paulo (DIFERENCIAL DA EQUIPE) Pousadas com caf\u00e9 da manh\u00e3 (algumas com jantar conforme descritivo de venda) Carro de apoio para transporte de mochilas Assessoria no preparo f\u00edsico com planilha de caminhada (pelo Ed. F\u00edsico Emerson Bisan &#8211; CREF: 002828-G\/SP) Consultoria na escolha dos equipamentos (mochila\/ t\u00eanis, etc) \u2013 com cupons de desconto da loja Kailash e Mundo Terra Kit peregrino com ecobag, camiseta e brindes Seguro para acidentes pessoais Credencial e Certificado Peregrino &nbsp; BOM CAMINHO &#8211; POR AUREA BISAN contato: 11 91463-0085 Whatsapp: https:\/\/wa.me\/message\/GEGSJJQT6IHHN1 Instagram: @bomcaminho.aureabisan[\/vc_column_text][\/vc_column][vc_column width=&#8221;1\/2&#8243;][vc_gallery interval=&#8221;3&#8243; images=&#8221;11871,11872,11884,11882,11881,11880&#8243; img_size=&#8221;800&#215;800&#8243;][vc_column_text] SA\u00cdDAS PREVISTAS PARA 2026 JUNHO (CORPUS CHRISTI) 03 a 07\/JUN &#8211; PARAIS\u00d3POLIS A APARECIDA (100 KM) 18 a 26\/JUN &#8211; BORDA DA MATA A APARECIDA (180 KM) JULHO (F\u00c9RIAS) 07\/JUL A 13\/JUL &#8211; ESTIVA A APARECIDA (150 KM) 09\/JUL A 21\/JUL &#8211; \u00c1GUAS DA PRATA A APARECIDA (300 KM) 26\/JUL A 03\/AGO &#8211; BORDA DA MATA A APARECIDA (180 KM) SETEMBRO (FERIADO 7 SETEMBRO) 04\/SET A 08\/SET &#8211; PARAIS\u00d3POLIS A APARECIDA (100 KM) OUTUBRO (FERIADO NOSSA SENHORA) 07 A 13\/OUT &#8211; ESTIVA A APARECIDA (150 KM) 30\/OUT A 02\/NOV &#8211; CAMPOS DO JORD\u00c3O A APARECIDA (50 KM) NOVEMBRO (FERIADO CONSC. NEGRA) 17 A 21\/11 &#8211; ESTIVA A APARECIDA (150 KM) [\/vc_column_text][\/vc_column][\/vc_row][vc_row][vc_column][vc_separator color=&#8221;blue&#8221;][vc_column_text] DEPOIMENTOS [\/vc_column_text][\/vc_column][\/vc_row][vc_row][vc_column width=&#8221;1\/3&#8243;][vc_single_image image=&#8221;11782&#8243; img_size=&#8221;1080&#215;1350&#8243; onclick=&#8221;img_link_large&#8221; img_link_target=&#8221;_blank&#8221;][\/vc_column][vc_column width=&#8221;1\/3&#8243;][vc_single_image image=&#8221;11779&#8243; img_size=&#8221;1080&#215;1350&#8243; onclick=&#8221;img_link_large&#8221; img_link_target=&#8221;_blank&#8221;][\/vc_column][vc_column width=&#8221;1\/3&#8243;][vc_single_image image=&#8221;11781&#8243; img_size=&#8221;1080&#215;1350&#8243; onclick=&#8221;img_link_large&#8221; img_link_target=&#8221;_blank&#8221;][\/vc_column][\/vc_row][vc_row][vc_column width=&#8221;1\/3&#8243;][vc_single_image image=&#8221;11778&#8243; img_size=&#8221;1080&#215;1350&#8243; onclick=&#8221;img_link_large&#8221; img_link_target=&#8221;_blank&#8221;][\/vc_column][vc_column width=&#8221;1\/3&#8243;][vc_single_image image=&#8221;11780&#8243; img_size=&#8221;1080&#215;1350&#8243; onclick=&#8221;img_link_large&#8221; img_link_target=&#8221;_blank&#8221;][\/vc_column][vc_column width=&#8221;1\/3&#8243;][vc_single_image image=&#8221;11783&#8243; img_size=&#8221;1080&#215;1350&#8243; onclick=&#8221;img_link_large&#8221; img_link_target=&#8221;_blank&#8221;][\/vc_column][\/vc_row][vc_row][vc_column][vc_separator color=&#8221;blue&#8221;][vc_column_text] P\u00daBLICO [\/vc_column_text][\/vc_column][\/vc_row][vc_row][vc_column width=&#8221;1\/5&#8243;][vc_single_image image=&#8221;7549&#8243; alignment=&#8221;center&#8221; onclick=&#8221;link_image&#8221; css=&#8221;.vc_custom_1665428583204{border-radius: 1px !important;}&#8221; title=&#8221;Homens&#8221;][\/vc_column][vc_column width=&#8221;1\/5&#8243;][vc_single_image image=&#8221;7548&#8243; alignment=&#8221;center&#8221; onclick=&#8221;link_image&#8221; css=&#8221;.vc_custom_1665428591409{border-radius: 1px !important;}&#8221; title=&#8221;Mulheres&#8221;][\/vc_column][vc_column width=&#8221;1\/5&#8243;][vc_single_image image=&#8221;7547&#8243; alignment=&#8221;center&#8221; onclick=&#8221;link_image&#8221; css=&#8221;.vc_custom_1665428598480{border-radius: 1px !important;}&#8221; title=&#8221;Fam\u00edlias&#8221;][\/vc_column][vc_column width=&#8221;1\/5&#8243;][vc_single_image image=&#8221;7555&#8243; alignment=&#8221;center&#8221; onclick=&#8221;link_image&#8221; css=&#8221;.vc_custom_1665428605080{border-radius: 1px !important;}&#8221; title=&#8221;Grupos&#8221;][\/vc_column][vc_column width=&#8221;1\/5&#8243;][vc_single_image image=&#8221;7550&#8243; alignment=&#8221;center&#8221; onclick=&#8221;link_image&#8221; css=&#8221;.vc_custom_1665669340312{border-radius: 1px !important;}&#8221; title=&#8221;60 +&#8221;][\/vc_column][\/vc_row][vc_row][vc_column width=&#8221;1\/5&#8243;][vc_single_image image=&#8221;7546&#8243; alignment=&#8221;center&#8221; onclick=&#8221;link_image&#8221; css=&#8221;.vc_custom_1665669405253{border-radius: 1px !important;}&#8221; title=&#8221;Pessoa com Defici\u00eancia Visual&#8221;][\/vc_column][vc_column width=&#8221;1\/5&#8243;][vc_single_image image=&#8221;7540&#8243; alignment=&#8221;center&#8221; onclick=&#8221;link_image&#8221; css=&#8221;.vc_custom_1738074396275{border-radius: 1px !important;}&#8221; title=&#8221;Pessoa com Defici\u00eancia Auditiva&#8221;][\/vc_column][vc_column width=&#8221;1\/5&#8243;][\/vc_column][vc_column width=&#8221;1\/5&#8243;][\/vc_column][vc_column width=&#8221;1\/5&#8243;][\/vc_column][\/vc_row][vc_row][vc_column][vc_separator color=&#8221;blue&#8221;][vc_column_text] MODAL [\/vc_column_text][\/vc_column][\/vc_row][vc_row][vc_column width=&#8221;1\/5&#8243;][vc_single_image image=&#8221;7551&#8243; alignment=&#8221;center&#8221; onclick=&#8221;link_image&#8221; css=&#8221;.vc_custom_1665428664295{border-radius: 1px !important;}&#8221; title=&#8221;Peregrino&#8221;][\/vc_column][vc_column width=&#8221;1\/5&#8243;][\/vc_column][vc_column width=&#8221;1\/5&#8243;][\/vc_column][vc_column width=&#8221;1\/5&#8243;][\/vc_column][vc_column width=&#8221;1\/5&#8243;][\/vc_column][\/vc_row][vc_row][vc_column][vc_separator color=&#8221;blue&#8221;][vc_column_text] INFRAESTRUTURA TUR\u00cdSTICA [\/vc_column_text][\/vc_column][\/vc_row][vc_row][vc_column width=&#8221;1\/5&#8243;][vc_single_image image=&#8221;7556&#8243; alignment=&#8221;center&#8221; onclick=&#8221;link_image&#8221; css=&#8221;.vc_custom_1665669258921{border-radius: 1px !important;}&#8221; title=&#8221;Qualifica\u00e7\u00e3o Profissional&#8221;][\/vc_column][vc_column width=&#8221;1\/5&#8243;][vc_single_image image=&#8221;7543&#8243; alignment=&#8221;center&#8221; onclick=&#8221;link_image&#8221; css=&#8221;.vc_custom_1665428757241{border-radius: 1px !important;}&#8221; title=&#8221;Transporte de Bagagem&#8221;][\/vc_column][vc_column width=&#8221;1\/5&#8243;][vc_single_image image=&#8221;7545&#8243; alignment=&#8221;center&#8221; onclick=&#8221;link_image&#8221; css=&#8221;.vc_custom_1665428765161{border-radius: 1px !important;}&#8221; title=&#8221;Hospedagem&#8221;][\/vc_column][vc_column width=&#8221;1\/5&#8243;][vc_single_image image=&#8221;7541&#8243; alignment=&#8221;center&#8221; onclick=&#8221;link_image&#8221; css=&#8221;.vc_custom_1665428772488{border-radius: 1px !important;}&#8221; title=&#8221;Alimenta\u00e7\u00e3o&#8221;][\/vc_column][vc_column width=&#8221;1\/5&#8243;][\/vc_column][\/vc_row][vc_row][vc_column][vc_separator color=&#8221;blue&#8221;][vc_column_text] APOIO [\/vc_column_text][\/vc_column][\/vc_row][vc_row][vc_column width=&#8221;1\/5&#8243;][vc_single_image image=&#8221;7542&#8243; alignment=&#8221;center&#8221; onclick=&#8221;link_image&#8221; css=&#8221;.vc_custom_1665433779918{border-radius: 1px !important;}&#8221; title=&#8221;Ve\u00edculo&#8221;][\/vc_column][vc_column width=&#8221;1\/5&#8243;][\/vc_column][vc_column width=&#8221;1\/5&#8243;][\/vc_column][vc_column width=&#8221;1\/5&#8243;][\/vc_column][vc_column width=&#8221;1\/5&#8243;][\/vc_column][\/vc_row][vc_row][vc_column][vc_separator color=&#8221;blue&#8221;][vc_column_text] SEGURAN\u00c7A [\/vc_column_text][\/vc_column][\/vc_row][vc_row][vc_column width=&#8221;1\/5&#8243;][vc_single_image image=&#8221;7557&#8243; alignment=&#8221;center&#8221; onclick=&#8221;link_image&#8221; css=&#8221;.vc_custom_1665428886366{border-radius: 1px !important;}&#8221; title=&#8221;Sistema de Gest\u00e3o de Seguran\u00e7a&#8221;][\/vc_column][vc_column width=&#8221;1\/5&#8243;][vc_single_image image=&#8221;7553&#8243; alignment=&#8221;center&#8221; onclick=&#8221;link_image&#8221; css=&#8221;.vc_custom_1665428859352{border-radius: 1px !important;}&#8221; title=&#8221;Primeiros Socorros&#8221;][\/vc_column][vc_column width=&#8221;1\/5&#8243;][\/vc_column][vc_column width=&#8221;1\/5&#8243;][\/vc_column][vc_column width=&#8221;1\/5&#8243;][\/vc_column][\/vc_row][vc_row][vc_column][vc_column_text] As informa\u00e7\u00f5es contidas nesta p\u00e1gina s\u00e3o de inteira responsabilidade do prestador de servi\u00e7o. [\/vc_column_text][\/vc_column][\/vc_row]<\/p>\n","protected":false},"author":2,"featured_media":0,"parent":0,"menu_order":0,"comment_status":"closed","ping_status":"closed","template":"","meta":{"content-type":"","_monsterinsights_skip_tracking":false,"_monsterinsights_sitenote_active":false,"_monsterinsights_sitenote_note":"","_monsterinsights_sitenote_category":0,"footnotes":""},"class_list":["post-7803","page","type-page","status-publish","hentry"],"_links":{"self":[{"href":"https:\/\/caminhodafe.com.br\/ptbr\/wp-json\/wp\/v2\/pages\/7803","targetHints":{"allow":["GET"]}}],"collection":[{"href":"https:\/\/caminhodafe.com.br\/ptbr\/wp-json\/wp\/v2\/pages"}],"about":[{"href":"https:\/\/caminhodafe.com.br\/ptbr\/wp-json\/wp\/v2\/types\/page"}],"author":[{"embeddable":true,"href":"https:\/\/caminhodafe.com.br\/ptbr\/wp-json\/wp\/v2\/users\/2"}],"replies":[{"embeddable":true,"href":"https:\/\/caminhodafe.com.br\/ptbr\/wp-json\/wp\/v2\/comments?post=7803"}],"version-history":[{"count":62,"href":"https:\/\/caminhodafe.com.br\/ptbr\/wp-json\/wp\/v2\/pages\/7803\/revisions"}],"predecessor-version":[{"id":11893,"href":"https:\/\/caminhodafe.com.br\/ptbr\/wp-json\/wp\/v2\/pages\/7803\/revisions\/11893"}],"wp:attachment":[{"href":"https:\/\/caminhodafe.com.br\/ptbr\/wp-json\/wp\/v2\/media?parent=7803"}],"curies":[{"name":"wp","href":"https:\/\/api.w.org\/{rel}","templated":true}]}}