{"id":7529,"date":"2022-10-03T15:38:35","date_gmt":"2022-10-03T18:38:35","guid":{"rendered":"https:\/\/caminhodafe.com.br\/ptbr\/?page_id=7529"},"modified":"2024-06-25T12:59:29","modified_gmt":"2024-06-25T15:59:29","slug":"daniel-longo","status":"publish","type":"page","link":"https:\/\/caminhodafe.com.br\/ptbr\/daniel-longo\/","title":{"rendered":"Daniel Longo"},"content":{"rendered":"<section class=\"wpb-content-wrapper\"><p>[vc_row][vc_column][vc_single_image image=&#8221;7536&#8243; img_size=&#8221;400X400&#8243; alignment=&#8221;center&#8221;][\/vc_column][\/vc_row][vc_row][vc_column width=&#8221;1\/2&#8243;][vc_single_image image=&#8221;7765&#8243; img_size=&#8221;200&#215;200&#8243; alignment=&#8221;center&#8221; title=&#8221;DANIEL LONGO&#8221;][vc_column_text]<\/p>\n<h3>A peregrina\u00e7\u00e3o \u00e9 a renova\u00e7\u00e3o do compromisso com os valores da nossa f\u00e9, independente de cren\u00e7a ou religi\u00e3o, ela fortalece nossa espiritualidade e nos renovam a esperan\u00e7a. \u00c9 uma grande viagem que fazemos ao nosso cora\u00e7\u00e3o que nos possibilita ter um maior conhecimento de n\u00f3s mesmos, nos ensina a dar valor as coisas que realmente s\u00e3o importantes na vida. Empolga\u00e7\u00e3o, supera\u00e7\u00e3o, alegria, gratid\u00e3o, convivencia e f\u00e9, sintetizam essa bela experiencia durante todo o trajeto, envolvidos pela natureza exuberante e pelas trocas de experiencia ao longo de todo o percurso.<\/h3>\n<h3>Oferecemos presta\u00e7\u00e3o de servi\u00e7o e organiza\u00e7\u00e3o do Caminho da F\u00e9 como um todo de acordo com a necessidade de cada cliente.<\/h3>\n<h3><\/h3>\n<h3><\/h3>\n<h3><\/h3>\n<p>[\/vc_column_text][\/vc_column][vc_column width=&#8221;1\/2&#8243;][vc_gallery interval=&#8221;3&#8243; images=&#8221;7533,7531,7530&#8243; img_size=&#8221;large&#8221;][\/vc_column][\/vc_row][vc_row][vc_column width=&#8221;1\/2&#8243;][vc_column_text]<\/p>\n<h3>Planejar, coordenar, controlar e executar a viagem, assegurando que todos os requisitos sejam atendidos e que todos os servi\u00e7os contratados sejam entregues.<\/h3>\n<h3>Primar pelo pleno sucesso do projeto atendendo todas as expectativas dos clientes. Pacote incluso Apoio, Pouso, Caf\u00e9 da manh\u00e3, Almo\u00e7o, Jantar dispon\u00edvel de acordo com as pousadas ou Pacote somente com o apoio.<\/h3>\n<h3>Est\u00e1 incluso no servi\u00e7o, elabora\u00e7\u00e3o do roteiro, reservas e pagamento das pousadas, apoio durante todo percurso com transporte de mochilas, kit primeiros socorros, oferecendo caf\u00e9, \u00e1gua e frutas, informa\u00e7\u00f5es e orienta\u00e7\u00f5es sobre roupas e equipamentos, hospedagem em quartos coletivos, fotos e v\u00eddeos durante o percurso, caf\u00e9 da manh\u00e3, almo\u00e7o e jantar (de acordo com a disponibilidade da pousada), e principalmente AMOR e CARINHO aos peregrinos.<\/h3>\n<h3>Por ser um percurso de grande risco, recomendamos que a classifica\u00e7\u00e3o et\u00e1ria seja acima de 18 anos, salvo com autoriza\u00e7\u00e3o dos respons\u00e1veis.<\/h3>\n<h3><strong>\u00a0<\/strong><strong>\u00a0<\/strong><\/h3>\n<h3><strong>CONTATO:<\/strong><\/h3>\n<h3>E-mail: <a href=\"mailto:daniel_longo2016@hotmail.com\">daniel_longo2016@hotmail.com<\/a><\/h3>\n<h3>Telefone: <a href=\"https:\/\/api.whatsapp.com\/send?phone=5519999516780\">(19) 99951-6780<\/a><\/h3>\n<h3>Instagram: <a href=\"https:\/\/www.instagram.com\/daniel.longoo\/\">@daniel.longoo<\/a><\/h3>\n<p>[\/vc_column_text][\/vc_column][vc_column width=&#8221;1\/2&#8243;][vc_column_text]<\/p>\n<h3><strong><span style=\"color: #000080;\">SA\u00cdDAS PREVISTAS PARA 2024<\/span><\/strong><\/h3>\n<h4 style=\"padding-left: 40px;\">Grupos a p\u00e9 2024<br \/>\n16\/11 Estiva<br \/>\n18\/11 Estiva<\/h4>\n<h4 style=\"padding-left: 40px;\">Grupos bike 2024 &#8211; sa\u00edda de \u00c1guas da Prata<br \/>\n12\/05<br \/>\n17\/06<br \/>\n28\/07<br \/>\n05\/08<br \/>\n08\/09<\/h4>\n<p>[\/vc_column_text][\/vc_column][\/vc_row][vc_row][vc_column width=&#8221;1\/4&#8243;][\/vc_column][vc_column width=&#8221;1\/4&#8243;][\/vc_column][vc_column width=&#8221;1\/4&#8243;][\/vc_column][vc_column width=&#8221;1\/4&#8243;][\/vc_column][\/vc_row][vc_row disable_element=&#8221;yes&#8221;][vc_column][vc_separator color=&#8221;blue&#8221;][vc_column_text]<\/p>\n<h3 style=\"text-align: center;\"><span style=\"color: #000080;\"><strong>DEPOIMENTOS<\/strong><\/span><\/h3>\n<p>[\/vc_column_text][\/vc_column][\/vc_row][vc_row disable_element=&#8221;yes&#8221;][vc_column width=&#8221;1\/3&#8243;][vc_column_text]<\/p>\n<h4><img loading=\"lazy\" decoding=\"async\" class=\"aligncenter wp-image-7596 size-medium\" src=\"https:\/\/caminhodafe.com.br\/ptbr\/wp-content\/uploads\/2022\/10\/Beto-Lima-169x300.jpeg\" alt=\"\" width=\"169\" height=\"300\" srcset=\"https:\/\/caminhodafe.com.br\/ptbr\/wp-content\/uploads\/2022\/10\/Beto-Lima-169x300.jpeg 169w, https:\/\/caminhodafe.com.br\/ptbr\/wp-content\/uploads\/2022\/10\/Beto-Lima.jpeg 576w\" sizes=\"auto, (max-width: 169px) 100vw, 169px\" \/><\/h4>\n<h4><\/h4>\n<h4>Agrade\u00e7o ao Thiago Fadel e equipe tartaruga &#x1f422;, por poder ter feito 7 vezes o caminho da f\u00e9 juntos e poder sentir o quanto \u00e9 importante ter um apoio de qualidade e conhecimento,esses s\u00e3o feras.<\/h4>\n<h4><strong>Beto Lima<\/strong><\/h4>\n<p>[\/vc_column_text][\/vc_column][vc_column width=&#8221;1\/3&#8243;][vc_column_text]<\/p>\n<h4><img loading=\"lazy\" decoding=\"async\" class=\"aligncenter wp-image-7600 size-medium\" src=\"https:\/\/caminhodafe.com.br\/ptbr\/wp-content\/uploads\/2022\/10\/Luciano-e-Iara-Bidoia-300x225.jpeg\" alt=\"\" width=\"300\" height=\"225\" srcset=\"https:\/\/caminhodafe.com.br\/ptbr\/wp-content\/uploads\/2022\/10\/Luciano-e-Iara-Bidoia-300x225.jpeg 300w, https:\/\/caminhodafe.com.br\/ptbr\/wp-content\/uploads\/2022\/10\/Luciano-e-Iara-Bidoia-1024x768.jpeg 1024w, https:\/\/caminhodafe.com.br\/ptbr\/wp-content\/uploads\/2022\/10\/Luciano-e-Iara-Bidoia-768x576.jpeg 768w, https:\/\/caminhodafe.com.br\/ptbr\/wp-content\/uploads\/2022\/10\/Luciano-e-Iara-Bidoia-1536x1152.jpeg 1536w, https:\/\/caminhodafe.com.br\/ptbr\/wp-content\/uploads\/2022\/10\/Luciano-e-Iara-Bidoia.jpeg 1600w\" sizes=\"auto, (max-width: 300px) 100vw, 300px\" \/><\/h4>\n<h4><\/h4>\n<p>&nbsp;<\/p>\n<h4><\/h4>\n<p>&nbsp;<\/p>\n<h4>A Equipe Tartaruga conduz seus clientes peregrinos com amor , carinho e responsabilidade , o amor e a devo\u00e7\u00e3o a Nossa Senhora est\u00e1 no cora\u00e7\u00e3o deles, eles tem um cuidado todo especial com o caminho da F\u00e9 , conduzindo e orientando at\u00e9 a casa da M\u00e3e. Equipe tartaruga &#x1f422; nota 1000&#x2764;&#xfe0f;super recomendo &#x1f64f;&#x1f64f;<\/h4>\n<h4><strong>Luciano e Iara Bid\u00f3ia<\/strong><\/h4>\n<p>[\/vc_column_text][\/vc_column][vc_column width=&#8221;1\/3&#8243;][vc_column_text]<\/p>\n<h4><img loading=\"lazy\" decoding=\"async\" class=\"aligncenter wp-image-7595 size-medium\" src=\"https:\/\/caminhodafe.com.br\/ptbr\/wp-content\/uploads\/2022\/10\/Natalia-e-Adriano-Gomes-135x300.jpeg\" alt=\"\" width=\"135\" height=\"300\" srcset=\"https:\/\/caminhodafe.com.br\/ptbr\/wp-content\/uploads\/2022\/10\/Natalia-e-Adriano-Gomes-135x300.jpeg 135w, https:\/\/caminhodafe.com.br\/ptbr\/wp-content\/uploads\/2022\/10\/Natalia-e-Adriano-Gomes-461x1024.jpeg 461w, https:\/\/caminhodafe.com.br\/ptbr\/wp-content\/uploads\/2022\/10\/Natalia-e-Adriano-Gomes-691x1536.jpeg 691w, https:\/\/caminhodafe.com.br\/ptbr\/wp-content\/uploads\/2022\/10\/Natalia-e-Adriano-Gomes.jpeg 720w\" sizes=\"auto, (max-width: 135px) 100vw, 135px\" \/><\/h4>\n<h4><\/h4>\n<h4>Seria imposs\u00edvel chegar aonde chegamos sem o apoio e a dedica\u00e7\u00e3o da Equipe Tartaruga, 1.000kms de Jos\u00e9 Bonif\u00e1cio-SP \u00e0 Aparecida-SP (Ramal S\u00e3o Jos\u00e9).<\/h4>\n<h4><strong>Nat\u00e1lia e Adriano Gomes<\/strong><\/h4>\n<p>[\/vc_column_text][\/vc_column][\/vc_row][vc_row][vc_column][vc_separator color=&#8221;blue&#8221;][vc_column_text]<\/p>\n<h3 style=\"text-align: center;\"><span style=\"color: #000080;\"><strong>P\u00daBLICO<\/strong><\/span><\/h3>\n<p>[\/vc_column_text][\/vc_column][\/vc_row][vc_row][vc_column width=&#8221;1\/5&#8243;][vc_single_image image=&#8221;7549&#8243; alignment=&#8221;center&#8221; onclick=&#8221;link_image&#8221; css=&#8221;.vc_custom_1665428583204{border-radius: 1px !important;}&#8221; title=&#8221;Homens&#8221;][\/vc_column][vc_column width=&#8221;1\/5&#8243;][vc_single_image image=&#8221;7548&#8243; alignment=&#8221;center&#8221; onclick=&#8221;link_image&#8221; css=&#8221;.vc_custom_1665428591409{border-radius: 1px !important;}&#8221; title=&#8221;Mulheres&#8221;][\/vc_column][vc_column width=&#8221;1\/5&#8243;][vc_single_image image=&#8221;7547&#8243; alignment=&#8221;center&#8221; onclick=&#8221;link_image&#8221; css=&#8221;.vc_custom_1665428598480{border-radius: 1px !important;}&#8221; title=&#8221;Fam\u00edlias&#8221;][\/vc_column][vc_column width=&#8221;1\/5&#8243;][vc_single_image image=&#8221;7555&#8243; alignment=&#8221;center&#8221; onclick=&#8221;link_image&#8221; css=&#8221;.vc_custom_1665428605080{border-radius: 1px !important;}&#8221; title=&#8221;Grupos&#8221;][\/vc_column][vc_column width=&#8221;1\/5&#8243;][vc_single_image image=&#8221;7550&#8243; alignment=&#8221;center&#8221; onclick=&#8221;link_image&#8221; css=&#8221;.vc_custom_1665669350890{border-radius: 1px !important;}&#8221; title=&#8221;60 +&#8221;][\/vc_column][\/vc_row][vc_row][vc_column width=&#8221;1\/5&#8243;][vc_single_image image=&#8221;7552&#8243; alignment=&#8221;center&#8221; onclick=&#8221;link_image&#8221; css=&#8221;.vc_custom_1665433498690{border-radius: 1px !important;}&#8221; title=&#8221;Pet Friendly&#8221;][\/vc_column][vc_column width=&#8221;1\/5&#8243;][vc_single_image image=&#8221;7546&#8243; alignment=&#8221;center&#8221; onclick=&#8221;link_image&#8221; css=&#8221;.vc_custom_1665669395459{border-radius: 1px !important;}&#8221; title=&#8221;Pessoa com Defici\u00eancia Visual&#8221;][\/vc_column][vc_column width=&#8221;1\/5&#8243;][vc_single_image image=&#8221;7540&#8243; alignment=&#8221;center&#8221; onclick=&#8221;link_image&#8221; css=&#8221;.vc_custom_1665669448131{border-radius: 1px !important;}&#8221; title=&#8221;Pessoa com Defici\u00eancia Auditiva&#8221;][\/vc_column][vc_column width=&#8221;1\/5&#8243;][vc_single_image image=&#8221;7613&#8243; alignment=&#8221;center&#8221; onclick=&#8221;link_image&#8221; css=&#8221;.vc_custom_1665669499345{border-radius: 1px !important;}&#8221; title=&#8221;Pessoa com Defici\u00eancia F\u00edsica&#8221;][\/vc_column][vc_column width=&#8221;1\/5&#8243;][\/vc_column][\/vc_row][vc_row][vc_column][vc_separator color=&#8221;blue&#8221;][vc_column_text]<\/p>\n<h3 style=\"text-align: center;\"><span style=\"color: #000080;\"><strong>MODAL<\/strong><\/span><\/h3>\n<p>[\/vc_column_text][\/vc_column][\/vc_row][vc_row][vc_column width=&#8221;1\/5&#8243;][vc_single_image image=&#8221;7551&#8243; alignment=&#8221;center&#8221; onclick=&#8221;link_image&#8221; css=&#8221;.vc_custom_1665428664295{border-radius: 1px !important;}&#8221; title=&#8221;Peregrino&#8221;][\/vc_column][vc_column width=&#8221;1\/5&#8243;][vc_single_image image=&#8221;7544&#8243; alignment=&#8221;center&#8221; onclick=&#8221;link_image&#8221; css=&#8221;.vc_custom_1665433750790{border-radius: 1px !important;}&#8221; title=&#8221;Ciclista&#8221;][\/vc_column][vc_column width=&#8221;1\/5&#8243;][\/vc_column][vc_column width=&#8221;1\/5&#8243;][\/vc_column][vc_column width=&#8221;1\/5&#8243;][\/vc_column][\/vc_row][vc_row][vc_column][vc_separator color=&#8221;blue&#8221;][vc_column_text]<\/p>\n<h3 style=\"text-align: center;\"><span style=\"color: #000080;\"><strong>INFRAESTRUTURA TUR\u00cdSTICA<\/strong><\/span><\/h3>\n<p>[\/vc_column_text][\/vc_column][\/vc_row][vc_row][vc_column width=&#8221;1\/5&#8243;][vc_single_image image=&#8221;7556&#8243; alignment=&#8221;center&#8221; onclick=&#8221;link_image&#8221; css=&#8221;.vc_custom_1665669247900{border-radius: 1px !important;}&#8221; title=&#8221;Qualifica\u00e7\u00e3o Profissional&#8221;][\/vc_column][vc_column width=&#8221;1\/5&#8243;][vc_single_image image=&#8221;7543&#8243; alignment=&#8221;center&#8221; onclick=&#8221;link_image&#8221; css=&#8221;.vc_custom_1665428757241{border-radius: 1px !important;}&#8221; title=&#8221;Transporte de Bagagem&#8221;][\/vc_column][vc_column width=&#8221;1\/5&#8243;][vc_single_image image=&#8221;7545&#8243; alignment=&#8221;center&#8221; onclick=&#8221;link_image&#8221; css=&#8221;.vc_custom_1665428765161{border-radius: 1px !important;}&#8221; title=&#8221;Hospedagem&#8221;][\/vc_column][vc_column width=&#8221;1\/5&#8243;][vc_single_image image=&#8221;7541&#8243; alignment=&#8221;center&#8221; onclick=&#8221;link_image&#8221; css=&#8221;.vc_custom_1665428772488{border-radius: 1px !important;}&#8221; title=&#8221;Alimenta\u00e7\u00e3o&#8221;][\/vc_column][vc_column width=&#8221;1\/5&#8243;][\/vc_column][\/vc_row][vc_row][vc_column][vc_separator color=&#8221;blue&#8221;][vc_column_text]<\/p>\n<h3 style=\"text-align: center;\"><span style=\"color: #000080;\"><strong>APOIO<\/strong><\/span><\/h3>\n<p>[\/vc_column_text][\/vc_column][\/vc_row][vc_row][vc_column width=&#8221;1\/5&#8243;][vc_single_image image=&#8221;7542&#8243; alignment=&#8221;center&#8221; onclick=&#8221;link_image&#8221; css=&#8221;.vc_custom_1665433779918{border-radius: 1px !important;}&#8221; title=&#8221;Ve\u00edculo&#8221;][\/vc_column][vc_column width=&#8221;1\/5&#8243;][\/vc_column][vc_column width=&#8221;1\/5&#8243;][\/vc_column][vc_column width=&#8221;1\/5&#8243;][\/vc_column][vc_column width=&#8221;1\/5&#8243;][\/vc_column][\/vc_row][vc_row][vc_column][vc_separator color=&#8221;blue&#8221;][vc_column_text]<\/p>\n<h3 style=\"text-align: center;\"><span style=\"color: #000080;\"><strong>SEGURAN\u00c7A<\/strong><\/span><\/h3>\n<p>[\/vc_column_text][\/vc_column][\/vc_row][vc_row][vc_column width=&#8221;1\/5&#8243;][vc_single_image image=&#8221;7557&#8243; alignment=&#8221;center&#8221; onclick=&#8221;link_image&#8221; css=&#8221;.vc_custom_1665428886366{border-radius: 1px !important;}&#8221; title=&#8221;Sistema de Gest\u00e3o de Seguran\u00e7a&#8221;][\/vc_column][vc_column width=&#8221;1\/5&#8243;][vc_single_image image=&#8221;7553&#8243; alignment=&#8221;center&#8221; onclick=&#8221;link_image&#8221; css=&#8221;.vc_custom_1665428859352{border-radius: 1px !important;}&#8221; title=&#8221;Primeiros Socorros&#8221;][\/vc_column][vc_column width=&#8221;1\/5&#8243;][\/vc_column][vc_column width=&#8221;1\/5&#8243;][\/vc_column][vc_column width=&#8221;1\/5&#8243;][\/vc_column][\/vc_row]<\/p>\n<\/section>","protected":false},"excerpt":{"rendered":"<p>[vc_row][vc_column][vc_single_image image=&#8221;7536&#8243; img_size=&#8221;400X400&#8243; alignment=&#8221;center&#8221;][\/vc_column][\/vc_row][vc_row][vc_column width=&#8221;1\/2&#8243;][vc_single_image image=&#8221;7765&#8243; img_size=&#8221;200&#215;200&#8243; alignment=&#8221;center&#8221; title=&#8221;DANIEL LONGO&#8221;][vc_column_text] A peregrina\u00e7\u00e3o \u00e9 a renova\u00e7\u00e3o do compromisso com os valores da nossa f\u00e9, independente de cren\u00e7a ou religi\u00e3o, ela fortalece nossa espiritualidade e nos renovam a esperan\u00e7a. \u00c9 uma grande viagem que fazemos ao nosso cora\u00e7\u00e3o que nos possibilita ter um maior conhecimento de n\u00f3s mesmos, nos ensina a dar valor as coisas que realmente s\u00e3o importantes na vida. Empolga\u00e7\u00e3o, supera\u00e7\u00e3o, alegria, gratid\u00e3o, convivencia e f\u00e9, sintetizam essa bela experiencia durante todo o trajeto, envolvidos pela natureza exuberante e pelas trocas de experiencia ao longo de todo o percurso. Oferecemos presta\u00e7\u00e3o de servi\u00e7o e organiza\u00e7\u00e3o do Caminho da F\u00e9 como um todo de acordo com a necessidade de cada cliente. [\/vc_column_text][\/vc_column][vc_column width=&#8221;1\/2&#8243;][vc_gallery interval=&#8221;3&#8243; images=&#8221;7533,7531,7530&#8243; img_size=&#8221;large&#8221;][\/vc_column][\/vc_row][vc_row][vc_column width=&#8221;1\/2&#8243;][vc_column_text] Planejar, coordenar, controlar e executar a viagem, assegurando que todos os requisitos sejam atendidos e que todos os servi\u00e7os contratados sejam entregues. Primar pelo pleno sucesso do projeto atendendo todas as expectativas dos clientes. Pacote incluso Apoio, Pouso, Caf\u00e9 da manh\u00e3, Almo\u00e7o, Jantar dispon\u00edvel de acordo com as pousadas ou Pacote somente com o apoio. Est\u00e1 incluso no servi\u00e7o, elabora\u00e7\u00e3o do roteiro, reservas e pagamento das pousadas, apoio durante todo percurso com transporte de mochilas, kit primeiros socorros, oferecendo caf\u00e9, \u00e1gua e frutas, informa\u00e7\u00f5es e orienta\u00e7\u00f5es sobre roupas e equipamentos, hospedagem em quartos coletivos, fotos e v\u00eddeos durante o percurso, caf\u00e9 da manh\u00e3, almo\u00e7o e jantar (de acordo com a disponibilidade da pousada), e principalmente AMOR e CARINHO aos peregrinos. Por ser um percurso de grande risco, recomendamos que a classifica\u00e7\u00e3o et\u00e1ria seja acima de 18 anos, salvo com autoriza\u00e7\u00e3o dos respons\u00e1veis. \u00a0\u00a0 CONTATO: E-mail: daniel_longo2016@hotmail.com Telefone: (19) 99951-6780 Instagram: @daniel.longoo [\/vc_column_text][\/vc_column][vc_column width=&#8221;1\/2&#8243;][vc_column_text] SA\u00cdDAS PREVISTAS PARA 2024 Grupos a p\u00e9 2024 16\/11 Estiva 18\/11 Estiva Grupos bike 2024 &#8211; sa\u00edda de \u00c1guas da Prata 12\/05 17\/06 28\/07 05\/08 08\/09 [\/vc_column_text][\/vc_column][\/vc_row][vc_row][vc_column width=&#8221;1\/4&#8243;][\/vc_column][vc_column width=&#8221;1\/4&#8243;][\/vc_column][vc_column width=&#8221;1\/4&#8243;][\/vc_column][vc_column width=&#8221;1\/4&#8243;][\/vc_column][\/vc_row][vc_row disable_element=&#8221;yes&#8221;][vc_column][vc_separator color=&#8221;blue&#8221;][vc_column_text] DEPOIMENTOS [\/vc_column_text][\/vc_column][\/vc_row][vc_row disable_element=&#8221;yes&#8221;][vc_column width=&#8221;1\/3&#8243;][vc_column_text] Agrade\u00e7o ao Thiago Fadel e equipe tartaruga &#x1f422;, por poder ter feito 7 vezes o caminho da f\u00e9 juntos e poder sentir o quanto \u00e9 importante ter um apoio de qualidade e conhecimento,esses s\u00e3o feras. Beto Lima [\/vc_column_text][\/vc_column][vc_column width=&#8221;1\/3&#8243;][vc_column_text] &nbsp; &nbsp; A Equipe Tartaruga conduz seus clientes peregrinos com amor , carinho e responsabilidade , o amor e a devo\u00e7\u00e3o a Nossa Senhora est\u00e1 no cora\u00e7\u00e3o deles, eles tem um cuidado todo especial com o caminho da F\u00e9 , conduzindo e orientando at\u00e9 a casa da M\u00e3e. Equipe tartaruga &#x1f422; nota 1000&#x2764;&#xfe0f;super recomendo &#x1f64f;&#x1f64f; Luciano e Iara Bid\u00f3ia [\/vc_column_text][\/vc_column][vc_column width=&#8221;1\/3&#8243;][vc_column_text] Seria imposs\u00edvel chegar aonde chegamos sem o apoio e a dedica\u00e7\u00e3o da Equipe Tartaruga, 1.000kms de Jos\u00e9 Bonif\u00e1cio-SP \u00e0 Aparecida-SP (Ramal S\u00e3o Jos\u00e9). Nat\u00e1lia e Adriano Gomes [\/vc_column_text][\/vc_column][\/vc_row][vc_row][vc_column][vc_separator color=&#8221;blue&#8221;][vc_column_text] P\u00daBLICO [\/vc_column_text][\/vc_column][\/vc_row][vc_row][vc_column width=&#8221;1\/5&#8243;][vc_single_image image=&#8221;7549&#8243; alignment=&#8221;center&#8221; onclick=&#8221;link_image&#8221; css=&#8221;.vc_custom_1665428583204{border-radius: 1px !important;}&#8221; title=&#8221;Homens&#8221;][\/vc_column][vc_column width=&#8221;1\/5&#8243;][vc_single_image image=&#8221;7548&#8243; alignment=&#8221;center&#8221; onclick=&#8221;link_image&#8221; css=&#8221;.vc_custom_1665428591409{border-radius: 1px !important;}&#8221; title=&#8221;Mulheres&#8221;][\/vc_column][vc_column width=&#8221;1\/5&#8243;][vc_single_image image=&#8221;7547&#8243; alignment=&#8221;center&#8221; onclick=&#8221;link_image&#8221; css=&#8221;.vc_custom_1665428598480{border-radius: 1px !important;}&#8221; title=&#8221;Fam\u00edlias&#8221;][\/vc_column][vc_column width=&#8221;1\/5&#8243;][vc_single_image image=&#8221;7555&#8243; alignment=&#8221;center&#8221; onclick=&#8221;link_image&#8221; css=&#8221;.vc_custom_1665428605080{border-radius: 1px !important;}&#8221; title=&#8221;Grupos&#8221;][\/vc_column][vc_column width=&#8221;1\/5&#8243;][vc_single_image image=&#8221;7550&#8243; alignment=&#8221;center&#8221; onclick=&#8221;link_image&#8221; css=&#8221;.vc_custom_1665669350890{border-radius: 1px !important;}&#8221; title=&#8221;60 +&#8221;][\/vc_column][\/vc_row][vc_row][vc_column width=&#8221;1\/5&#8243;][vc_single_image image=&#8221;7552&#8243; alignment=&#8221;center&#8221; onclick=&#8221;link_image&#8221; css=&#8221;.vc_custom_1665433498690{border-radius: 1px !important;}&#8221; title=&#8221;Pet Friendly&#8221;][\/vc_column][vc_column width=&#8221;1\/5&#8243;][vc_single_image image=&#8221;7546&#8243; alignment=&#8221;center&#8221; onclick=&#8221;link_image&#8221; css=&#8221;.vc_custom_1665669395459{border-radius: 1px !important;}&#8221; title=&#8221;Pessoa com Defici\u00eancia Visual&#8221;][\/vc_column][vc_column width=&#8221;1\/5&#8243;][vc_single_image image=&#8221;7540&#8243; alignment=&#8221;center&#8221; onclick=&#8221;link_image&#8221; css=&#8221;.vc_custom_1665669448131{border-radius: 1px !important;}&#8221; title=&#8221;Pessoa com Defici\u00eancia Auditiva&#8221;][\/vc_column][vc_column width=&#8221;1\/5&#8243;][vc_single_image image=&#8221;7613&#8243; alignment=&#8221;center&#8221; onclick=&#8221;link_image&#8221; css=&#8221;.vc_custom_1665669499345{border-radius: 1px !important;}&#8221; title=&#8221;Pessoa com Defici\u00eancia F\u00edsica&#8221;][\/vc_column][vc_column width=&#8221;1\/5&#8243;][\/vc_column][\/vc_row][vc_row][vc_column][vc_separator color=&#8221;blue&#8221;][vc_column_text] MODAL [\/vc_column_text][\/vc_column][\/vc_row][vc_row][vc_column width=&#8221;1\/5&#8243;][vc_single_image image=&#8221;7551&#8243; alignment=&#8221;center&#8221; onclick=&#8221;link_image&#8221; css=&#8221;.vc_custom_1665428664295{border-radius: 1px !important;}&#8221; title=&#8221;Peregrino&#8221;][\/vc_column][vc_column width=&#8221;1\/5&#8243;][vc_single_image image=&#8221;7544&#8243; alignment=&#8221;center&#8221; onclick=&#8221;link_image&#8221; css=&#8221;.vc_custom_1665433750790{border-radius: 1px !important;}&#8221; title=&#8221;Ciclista&#8221;][\/vc_column][vc_column width=&#8221;1\/5&#8243;][\/vc_column][vc_column width=&#8221;1\/5&#8243;][\/vc_column][vc_column width=&#8221;1\/5&#8243;][\/vc_column][\/vc_row][vc_row][vc_column][vc_separator color=&#8221;blue&#8221;][vc_column_text] INFRAESTRUTURA TUR\u00cdSTICA [\/vc_column_text][\/vc_column][\/vc_row][vc_row][vc_column width=&#8221;1\/5&#8243;][vc_single_image image=&#8221;7556&#8243; alignment=&#8221;center&#8221; onclick=&#8221;link_image&#8221; css=&#8221;.vc_custom_1665669247900{border-radius: 1px !important;}&#8221; title=&#8221;Qualifica\u00e7\u00e3o Profissional&#8221;][\/vc_column][vc_column width=&#8221;1\/5&#8243;][vc_single_image image=&#8221;7543&#8243; alignment=&#8221;center&#8221; onclick=&#8221;link_image&#8221; css=&#8221;.vc_custom_1665428757241{border-radius: 1px !important;}&#8221; title=&#8221;Transporte de Bagagem&#8221;][\/vc_column][vc_column width=&#8221;1\/5&#8243;][vc_single_image image=&#8221;7545&#8243; alignment=&#8221;center&#8221; onclick=&#8221;link_image&#8221; css=&#8221;.vc_custom_1665428765161{border-radius: 1px !important;}&#8221; title=&#8221;Hospedagem&#8221;][\/vc_column][vc_column width=&#8221;1\/5&#8243;][vc_single_image image=&#8221;7541&#8243; alignment=&#8221;center&#8221; onclick=&#8221;link_image&#8221; css=&#8221;.vc_custom_1665428772488{border-radius: 1px !important;}&#8221; title=&#8221;Alimenta\u00e7\u00e3o&#8221;][\/vc_column][vc_column width=&#8221;1\/5&#8243;][\/vc_column][\/vc_row][vc_row][vc_column][vc_separator color=&#8221;blue&#8221;][vc_column_text] APOIO [\/vc_column_text][\/vc_column][\/vc_row][vc_row][vc_column width=&#8221;1\/5&#8243;][vc_single_image image=&#8221;7542&#8243; alignment=&#8221;center&#8221; onclick=&#8221;link_image&#8221; css=&#8221;.vc_custom_1665433779918{border-radius: 1px !important;}&#8221; title=&#8221;Ve\u00edculo&#8221;][\/vc_column][vc_column width=&#8221;1\/5&#8243;][\/vc_column][vc_column width=&#8221;1\/5&#8243;][\/vc_column][vc_column width=&#8221;1\/5&#8243;][\/vc_column][vc_column width=&#8221;1\/5&#8243;][\/vc_column][\/vc_row][vc_row][vc_column][vc_separator color=&#8221;blue&#8221;][vc_column_text] SEGURAN\u00c7A [\/vc_column_text][\/vc_column][\/vc_row][vc_row][vc_column width=&#8221;1\/5&#8243;][vc_single_image image=&#8221;7557&#8243; alignment=&#8221;center&#8221; onclick=&#8221;link_image&#8221; css=&#8221;.vc_custom_1665428886366{border-radius: 1px !important;}&#8221; title=&#8221;Sistema de Gest\u00e3o de Seguran\u00e7a&#8221;][\/vc_column][vc_column width=&#8221;1\/5&#8243;][vc_single_image image=&#8221;7553&#8243; alignment=&#8221;center&#8221; onclick=&#8221;link_image&#8221; css=&#8221;.vc_custom_1665428859352{border-radius: 1px !important;}&#8221; title=&#8221;Primeiros Socorros&#8221;][\/vc_column][vc_column width=&#8221;1\/5&#8243;][\/vc_column][vc_column width=&#8221;1\/5&#8243;][\/vc_column][vc_column width=&#8221;1\/5&#8243;][\/vc_column][\/vc_row]<\/p>\n","protected":false},"author":2,"featured_media":0,"parent":0,"menu_order":0,"comment_status":"closed","ping_status":"closed","template":"","meta":{"content-type":"","_monsterinsights_skip_tracking":false,"_monsterinsights_sitenote_active":false,"_monsterinsights_sitenote_note":"","_monsterinsights_sitenote_category":0,"footnotes":""},"class_list":["post-7529","page","type-page","status-publish","hentry"],"_links":{"self":[{"href":"https:\/\/caminhodafe.com.br\/ptbr\/wp-json\/wp\/v2\/pages\/7529","targetHints":{"allow":["GET"]}}],"collection":[{"href":"https:\/\/caminhodafe.com.br\/ptbr\/wp-json\/wp\/v2\/pages"}],"about":[{"href":"https:\/\/caminhodafe.com.br\/ptbr\/wp-json\/wp\/v2\/types\/page"}],"author":[{"embeddable":true,"href":"https:\/\/caminhodafe.com.br\/ptbr\/wp-json\/wp\/v2\/users\/2"}],"replies":[{"embeddable":true,"href":"https:\/\/caminhodafe.com.br\/ptbr\/wp-json\/wp\/v2\/comments?post=7529"}],"version-history":[{"count":15,"href":"https:\/\/caminhodafe.com.br\/ptbr\/wp-json\/wp\/v2\/pages\/7529\/revisions"}],"predecessor-version":[{"id":9250,"href":"https:\/\/caminhodafe.com.br\/ptbr\/wp-json\/wp\/v2\/pages\/7529\/revisions\/9250"}],"wp:attachment":[{"href":"https:\/\/caminhodafe.com.br\/ptbr\/wp-json\/wp\/v2\/media?parent=7529"}],"curies":[{"name":"wp","href":"https:\/\/api.w.org\/{rel}","templated":true}]}}