{"id":6662,"date":"2022-01-26T11:07:19","date_gmt":"2022-01-26T14:07:19","guid":{"rendered":"https:\/\/caminhodafe.com.br\/ptbr\/?page_id=6662"},"modified":"2026-02-27T13:43:50","modified_gmt":"2026-02-27T16:43:50","slug":"ima-seta-amarela","status":"publish","type":"page","link":"https:\/\/caminhodafe.com.br\/ptbr\/ima-seta-amarela\/","title":{"rendered":"IM\u00c3 SETA"},"content":{"rendered":"<section class=\"wpb-content-wrapper\"><p>[vc_row][vc_column][vc_column_text]<\/p>\n<h2 class=\"wpb_heading wpb_singleimage_heading\">IM\u00c3\u00a0 SETA<\/h2>\n<p>[\/vc_column_text][\/vc_column][\/vc_row][vc_row][vc_column width=&#8221;2\/3&#8243;][vc_single_image image=&#8221;9379&#8243; img_size=&#8221;full&#8221; onclick=&#8221;link_image&#8221;][vc_row_inner][vc_column_inner width=&#8221;1\/3&#8243;][vc_single_image image=&#8221;9379&#8243; alignment=&#8221;center&#8221; onclick=&#8221;link_image&#8221;][\/vc_column_inner][vc_column_inner width=&#8221;1\/3&#8243;][\/vc_column_inner][vc_column_inner width=&#8221;1\/3&#8243;][\/vc_column_inner][\/vc_row_inner][\/vc_column][vc_column width=&#8221;1\/3&#8243;][vc_column_text]<\/p>\n<h3><strong>Detalhes do Produto<\/strong><\/h3>\n<h3 style=\"padding-left: 40px\">Im\u00e3\u00a0 Seta<\/h3>\n<h3 style=\"padding-left: 40px\">Pre\u00e7o: R$ 18,00<\/h3>\n<p>[\/vc_column_text][vc_row_inner][vc_column_inner][vc_btn title=&#8221;Comprar (Voc\u00ea ser\u00e1 redirecionado para o WhastApp da Associa\u00e7\u00e3o)&#8221; color=&#8221;success&#8221; align=&#8221;center&#8221; button_block=&#8221;true&#8221; link=&#8221;url:https%3A%2F%2Fapi.whatsapp.com%2Fsend%3Fphone%3D5519998562620%26text%3DOl%C3%A1.%20Gostaria%20de%20mais%20informa%C3%A7%C3%B5es%20sobre%20o%20Im%C3%A3%20de%20Geladeira%20eta%20Amarela|||&#8221;][\/vc_column_inner][\/vc_row_inner][\/vc_column][\/vc_row]<\/p>\n<\/section>","protected":false},"excerpt":{"rendered":"<p>[vc_row][vc_column][vc_column_text] IM\u00c3\u00a0 SETA [\/vc_column_text][\/vc_column][\/vc_row][vc_row][vc_column width=&#8221;2\/3&#8243;][vc_single_image image=&#8221;9379&#8243; img_size=&#8221;full&#8221; onclick=&#8221;link_image&#8221;][vc_row_inner][vc_column_inner width=&#8221;1\/3&#8243;][vc_single_image image=&#8221;9379&#8243; alignment=&#8221;center&#8221; onclick=&#8221;link_image&#8221;][\/vc_column_inner][vc_column_inner width=&#8221;1\/3&#8243;][\/vc_column_inner][vc_column_inner width=&#8221;1\/3&#8243;][\/vc_column_inner][\/vc_row_inner][\/vc_column][vc_column width=&#8221;1\/3&#8243;][vc_column_text] Detalhes do Produto Im\u00e3\u00a0 Seta Pre\u00e7o: R$ 18,00 [\/vc_column_text][vc_row_inner][vc_column_inner][vc_btn title=&#8221;Comprar (Voc\u00ea ser\u00e1 redirecionado para o WhastApp da Associa\u00e7\u00e3o)&#8221; color=&#8221;success&#8221; align=&#8221;center&#8221; button_block=&#8221;true&#8221; link=&#8221;url:https%3A%2F%2Fapi.whatsapp.com%2Fsend%3Fphone%3D5519998562620%26text%3DOl%C3%A1.%20Gostaria%20de%20mais%20informa%C3%A7%C3%B5es%20sobre%20o%20Im%C3%A3%20de%20Geladeira%20eta%20Amarela|||&#8221;][\/vc_column_inner][\/vc_row_inner][\/vc_column][\/vc_row]<\/p>\n","protected":false},"author":2,"featured_media":0,"parent":0,"menu_order":0,"comment_status":"closed","ping_status":"closed","template":"","meta":{"content-type":"","_monsterinsights_skip_tracking":false,"_monsterinsights_sitenote_active":false,"_monsterinsights_sitenote_note":"","_monsterinsights_sitenote_category":0,"footnotes":""},"class_list":["post-6662","page","type-page","status-publish","hentry"],"_links":{"self":[{"href":"https:\/\/caminhodafe.com.br\/ptbr\/wp-json\/wp\/v2\/pages\/6662","targetHints":{"allow":["GET"]}}],"collection":[{"href":"https:\/\/caminhodafe.com.br\/ptbr\/wp-json\/wp\/v2\/pages"}],"about":[{"href":"https:\/\/caminhodafe.com.br\/ptbr\/wp-json\/wp\/v2\/types\/page"}],"author":[{"embeddable":true,"href":"https:\/\/caminhodafe.com.br\/ptbr\/wp-json\/wp\/v2\/users\/2"}],"replies":[{"embeddable":true,"href":"https:\/\/caminhodafe.com.br\/ptbr\/wp-json\/wp\/v2\/comments?post=6662"}],"version-history":[{"count":7,"href":"https:\/\/caminhodafe.com.br\/ptbr\/wp-json\/wp\/v2\/pages\/6662\/revisions"}],"predecessor-version":[{"id":11524,"href":"https:\/\/caminhodafe.com.br\/ptbr\/wp-json\/wp\/v2\/pages\/6662\/revisions\/11524"}],"wp:attachment":[{"href":"https:\/\/caminhodafe.com.br\/ptbr\/wp-json\/wp\/v2\/media?parent=6662"}],"curies":[{"name":"wp","href":"https:\/\/api.w.org\/{rel}","templated":true}]}}

IMÃ SETA

<section class="wpb-content-wrapper"><p>[vc_row][vc_column][vc_column_text]</p>
<h2 class="wpb_heading wpb_singleimage_heading">IMÃ  SETA</h2>
<p>[/vc_column_text][/vc_column][/vc_row][vc_row][vc_column width=&#8221;2/3&#8243;][vc_single_image image=&#8221;9379&#8243; img_size=&#8221;full&#8221; onclick=&#8221;link_image&#8221;][vc_row_inner][vc_column_inner width=&#8221;1/3&#8243;][vc_single_image image=&#8221;9379&#8243; alignment=&#8221;center&#8221; onclick=&#8221;link_image&#8221;][/vc_column_inner][vc_column_inner width=&#8221;1/3&#8243;][/vc_column_inner][vc_column_inner width=&#8221;1/3&#8243;][/vc_column_inner][/vc_row_inner][/vc_column][vc_column width=&#8221;1/3&#8243;][vc_column_text]</p>
<h3><strong>Detalhes do Produto</strong></h3>
<h3 style="padding-left: 40px">Imã  Seta</h3>
<h3 style="padding-left: 40px">Preço: R$ 18,00</h3>
<p>[/vc_column_text][vc_row_inner][vc_column_inner][vc_btn title=&#8221;Comprar (Você será redirecionado para o WhastApp da Associação)&#8221; color=&#8221;success&#8221; align=&#8221;center&#8221; button_block=&#8221;true&#8221; link=&#8221;url:https%3A%2F%2Fapi.whatsapp.com%2Fsend%3Fphone%3D5519998562620%26text%3DOl%C3%A1.%20Gostaria%20de%20mais%20informa%C3%A7%C3%B5es%20sobre%20o%20Im%C3%A3%20de%20Geladeira%20eta%20Amarela|||&#8221;][/vc_column_inner][/vc_row_inner][/vc_column][/vc_row]</p>
</section>

<p>[vc_row][vc_column][vc_column_text] IMÃ  SETA [/vc_column_text][/vc_column][/vc_row][vc_row][vc_column width=&#8221;2/3&#8243;][vc_single_image image=&#8221;9379&#8243; img_size=&#8221;full&#8221; onclick=&#8221;link_image&#8221;][vc_row_inner][vc_column_inner width=&#8221;1/3&#8243;][vc_single_image image=&#8221;9379&#8243; alignment=&#8221;center&#8221; onclick=&#8221;link_image&#8221;][/vc_column_inner][vc_column_inner width=&#8221;1/3&#8243;][/vc_column_inner][vc_column_inner width=&#8221;1/3&#8243;][/vc_column_inner][/vc_row_inner][/vc_column][vc_column width=&#8221;1/3&#8243;][vc_column_text] Detalhes do Produto Imã  Seta Preço: R$ 18,00 [/vc_column_text][vc_row_inner][vc_column_inner][vc_btn title=&#8221;Comprar (Você será redirecionado para o WhastApp da Associação)&#8221; color=&#8221;success&#8221; align=&#8221;center&#8221; button_block=&#8221;true&#8221; link=&#8221;url:https%3A%2F%2Fapi.whatsapp.com%2Fsend%3Fphone%3D5519998562620%26text%3DOl%C3%A1.%20Gostaria%20de%20mais%20informa%C3%A7%C3%B5es%20sobre%20o%20Im%C3%A3%20de%20Geladeira%20eta%20Amarela|||&#8221;][/vc_column_inner][/vc_row_inner][/vc_column][/vc_row]</p>
