{"id":2706,"date":"2018-10-08T14:53:10","date_gmt":"2018-10-08T17:53:10","guid":{"rendered":"https:\/\/caminhodafe.com.br\/ptbr\/?page_id=2706"},"modified":"2026-04-09T09:06:13","modified_gmt":"2026-04-09T12:06:13","slug":"demonstracoes-contabeis-e-financeiras","status":"publish","type":"page","link":"https:\/\/caminhodafe.com.br\/ptbr\/demonstracoes-contabeis-e-financeiras\/","title":{"rendered":"Demonstra\u00e7\u00f5es Cont\u00e1beis e Financeiras"},"content":{"rendered":"<section class=\"wpb-content-wrapper\"><p>[vc_row][vc_column][vc_column_text]<\/p>\n<h3 style=\"text-align: center;\"><span style=\"color: #000080;\">BALAN\u00c7OS PATRIMONIAIS<\/span><\/h3>\n<p>[\/vc_column_text][vc_column_text]<\/p>\n<h4>Publica\u00e7\u00e3o das demonstra\u00e7\u00f5es cont\u00e1beis e financeiras de no Jornal O Munic\u00edpio de S\u00e3o Jo\u00e3o da Boa Vista<\/h4>\n<p><a href=\"https:\/\/caminhodafe.com.br\/ptbr\/wp-content\/uploads\/2023\/06\/DRE-2020.pdf\">https:\/\/caminhodafe.com.br\/ptbr\/wp-content\/uploads\/2023\/06\/DRE-2020.pdf<\/a>[\/vc_column_text][\/vc_column][\/vc_row][vc_row][vc_column width=&#8221;1\/4&#8243;][vc_single_image image=&#8221;4302&#8243; alignment=&#8221;center&#8221; onclick=&#8221;custom_link&#8221; link=&#8221;https:\/\/caminhodafe.com.br\/ptbr\/wp-content\/uploads\/2026\/04\/Balanco-Patrimonial-2025.pdf&#8221; title=&#8221;Balan\u00e7o Patrimonial 2025&#8243;][\/vc_column][vc_column width=&#8221;1\/4&#8243;][vc_single_image image=&#8221;4302&#8243; alignment=&#8221;center&#8221; onclick=&#8221;custom_link&#8221; link=&#8221;https:\/\/drive.google.com\/file\/d\/1y26yrLh2qA9cpiA80vtryNNYIDhTxAs2\/view?usp=sharing&#8221; title=&#8221;Balan\u00e7o Patrimonial 2024&#8243;][\/vc_column][vc_column width=&#8221;1\/4&#8243;][vc_single_image image=&#8221;4302&#8243; alignment=&#8221;center&#8221; onclick=&#8221;custom_link&#8221; link=&#8221;https:\/\/drive.google.com\/file\/d\/1sVaU4AL1hW4wxtyIqVPeMnf58hMou6AH\/view?usp=sharing&#8221; title=&#8221;Balan\u00e7o Patrimonial 2023&#8243;][\/vc_column][vc_column width=&#8221;1\/4&#8243;][vc_single_image image=&#8221;4302&#8243; alignment=&#8221;center&#8221; onclick=&#8221;custom_link&#8221; link=&#8221;https:\/\/caminhodafe.com.br\/ptbr\/wp-content\/uploads\/2023\/06\/Balanco-Patrimonial-2022.pdf&#8221; title=&#8221;Balan\u00e7o Patrimonial 2022&#8243;][\/vc_column][\/vc_row][vc_row][vc_column width=&#8221;1\/4&#8243;][vc_single_image image=&#8221;4302&#8243; alignment=&#8221;center&#8221; onclick=&#8221;custom_link&#8221; link=&#8221;https:\/\/caminhodafe.com.br\/ptbr\/wp-content\/uploads\/2023\/06\/Balanco-Patrimonial-2021.pdf&#8221; title=&#8221;Balan\u00e7o Patrimonial 2021&#8243;][\/vc_column][vc_column width=&#8221;1\/4&#8243;][vc_single_image image=&#8221;4302&#8243; alignment=&#8221;center&#8221; onclick=&#8221;custom_link&#8221; link=&#8221;https:\/\/caminhodafe.com.br\/ptbr\/wp-content\/uploads\/2023\/06\/Balanco-Patrimonial-2020.pdf&#8221; title=&#8221;Balan\u00e7o Patrimonial 2020&#8243;][\/vc_column][vc_column width=&#8221;1\/4&#8243;][vc_single_image image=&#8221;4302&#8243; alignment=&#8221;center&#8221; onclick=&#8221;custom_link&#8221; link=&#8221;https:\/\/drive.google.com\/file\/d\/1YCz8sZ5I00J0Fs4VDmCDhG2_ku1TUjR0\/view?usp=sharing&#8221; title=&#8221;Balan\u00e7o Patrimonial 2019&#8243;][\/vc_column][vc_column width=&#8221;1\/4&#8243;][vc_single_image image=&#8221;4302&#8243; alignment=&#8221;center&#8221; onclick=&#8221;custom_link&#8221; link=&#8221;https:\/\/drive.google.com\/file\/d\/134L58wA8Ww1f_Zns3jU1m8dsbi-Ccd-7\/view?usp=sharing&#8221; title=&#8221;Balan\u00e7o Patrimonial 2018&#8243;][\/vc_column][\/vc_row][vc_row][vc_column width=&#8221;1\/4&#8243;][vc_single_image image=&#8221;4302&#8243; alignment=&#8221;center&#8221; onclick=&#8221;custom_link&#8221; link=&#8221;https:\/\/drive.google.com\/file\/d\/1-zJflwGuvuTbTUNucbCSlTasTuxvQX5K\/view?usp=sharing&#8221; title=&#8221;Balan\u00e7o Patrimonial 2017&#8243;][\/vc_column][vc_column width=&#8221;1\/4&#8243;][\/vc_column][vc_column width=&#8221;1\/4&#8243;][\/vc_column][vc_column width=&#8221;1\/4&#8243;][\/vc_column][\/vc_row][vc_row][vc_column][vc_column_text]<\/p>\n<h3 style=\"text-align: center;\"><span style=\"color: #000080;\">DEMONSTRATIVOS DE RESULTADO<\/span><\/h3>\n<p>[\/vc_column_text][\/vc_column][\/vc_row][vc_row][vc_column width=&#8221;1\/4&#8243;][vc_single_image image=&#8221;2772&#8243; alignment=&#8221;center&#8221; onclick=&#8221;custom_link&#8221; link=&#8221;https:\/\/caminhodafe.com.br\/ptbr\/wp-content\/uploads\/2026\/04\/DRE-2025.pdf&#8221; title=&#8221;DRE 2025&#8243;][\/vc_column][vc_column width=&#8221;1\/4&#8243;][vc_single_image image=&#8221;2772&#8243; alignment=&#8221;center&#8221; onclick=&#8221;custom_link&#8221; link=&#8221;https:\/\/drive.google.com\/file\/d\/1noE8l1D1Q6fyipMOOaGji39I2K3IMLVI\/view?usp=sharing&#8221; title=&#8221;DRE 2024&#8243;][\/vc_column][vc_column width=&#8221;1\/4&#8243;][vc_single_image image=&#8221;2772&#8243; alignment=&#8221;center&#8221; onclick=&#8221;custom_link&#8221; link=&#8221;https:\/\/drive.google.com\/file\/d\/1GCHCbDPRSYWJmyOETbxDV0G-n9mVw_xX\/view?usp=sharing&#8221; title=&#8221;DRE 2023&#8243;][\/vc_column][vc_column width=&#8221;1\/4&#8243;][vc_single_image image=&#8221;2772&#8243; alignment=&#8221;center&#8221; onclick=&#8221;custom_link&#8221; link=&#8221;https:\/\/caminhodafe.com.br\/ptbr\/wp-content\/uploads\/2023\/06\/DRE-2022.pdf&#8221; title=&#8221;DRE 2022&#8243;][\/vc_column][\/vc_row][vc_row][vc_column width=&#8221;1\/4&#8243;][vc_single_image image=&#8221;2772&#8243; alignment=&#8221;center&#8221; onclick=&#8221;custom_link&#8221; link=&#8221;https:\/\/caminhodafe.com.br\/ptbr\/wp-content\/uploads\/2023\/06\/DRE-2021.pdf&#8221; title=&#8221;DRE 2021&#8243;][\/vc_column][vc_column width=&#8221;1\/4&#8243;][vc_single_image image=&#8221;2772&#8243; alignment=&#8221;center&#8221; onclick=&#8221;custom_link&#8221; link=&#8221;https:\/\/caminhodafe.com.br\/ptbr\/wp-content\/uploads\/2023\/06\/DRE-2020.pdf&#8221; title=&#8221;DRE 2020&#8243;][\/vc_column][vc_column width=&#8221;1\/4&#8243;][vc_single_image image=&#8221;4302&#8243; alignment=&#8221;center&#8221; onclick=&#8221;custom_link&#8221; link=&#8221;https:\/\/drive.google.com\/file\/d\/1xiiIweaqm9Y_ZeEHvV2ObUfQqC_YAVvm\/view?usp=sharing&#8221; title=&#8221;DRE 2019&#8243;][\/vc_column][vc_column width=&#8221;1\/4&#8243;][vc_single_image image=&#8221;4302&#8243; alignment=&#8221;center&#8221; onclick=&#8221;custom_link&#8221; link=&#8221;https:\/\/drive.google.com\/file\/d\/17U4giLzIPJ0tIfIX7-We6lS4Ge0DnfR1\/view?usp=sharing&#8221; title=&#8221;DRE 2018&#8243;][\/vc_column][\/vc_row][vc_row][vc_column width=&#8221;1\/4&#8243;][vc_single_image image=&#8221;4302&#8243; alignment=&#8221;center&#8221; onclick=&#8221;custom_link&#8221; link=&#8221;https:\/\/drive.google.com\/file\/d\/1kYAsgUj25gHO3XwNkF_EGr8FFYYHLTzo\/view?usp=sharing&#8221; title=&#8221;DRE 2017&#8243;][\/vc_column][vc_column width=&#8221;1\/4&#8243;][\/vc_column][vc_column width=&#8221;1\/4&#8243;][\/vc_column][vc_column width=&#8221;1\/4&#8243;][\/vc_column][\/vc_row]<\/p>\n<\/section>","protected":false},"excerpt":{"rendered":"<p>[vc_row][vc_column][vc_column_text] BALAN\u00c7OS PATRIMONIAIS [\/vc_column_text][vc_column_text] Publica\u00e7\u00e3o das demonstra\u00e7\u00f5es cont\u00e1beis e financeiras de no Jornal O Munic\u00edpio de S\u00e3o Jo\u00e3o da Boa Vista https:\/\/caminhodafe.com.br\/ptbr\/wp-content\/uploads\/2023\/06\/DRE-2020.pdf[\/vc_column_text][\/vc_column][\/vc_row][vc_row][vc_column width=&#8221;1\/4&#8243;][vc_single_image image=&#8221;4302&#8243; alignment=&#8221;center&#8221; onclick=&#8221;custom_link&#8221; link=&#8221;https:\/\/caminhodafe.com.br\/ptbr\/wp-content\/uploads\/2026\/04\/Balanco-Patrimonial-2025.pdf&#8221; title=&#8221;Balan\u00e7o Patrimonial 2025&#8243;][\/vc_column][vc_column width=&#8221;1\/4&#8243;][vc_single_image image=&#8221;4302&#8243; alignment=&#8221;center&#8221; onclick=&#8221;custom_link&#8221; link=&#8221;https:\/\/drive.google.com\/file\/d\/1y26yrLh2qA9cpiA80vtryNNYIDhTxAs2\/view?usp=sharing&#8221; title=&#8221;Balan\u00e7o Patrimonial 2024&#8243;][\/vc_column][vc_column width=&#8221;1\/4&#8243;][vc_single_image image=&#8221;4302&#8243; alignment=&#8221;center&#8221; onclick=&#8221;custom_link&#8221; link=&#8221;https:\/\/drive.google.com\/file\/d\/1sVaU4AL1hW4wxtyIqVPeMnf58hMou6AH\/view?usp=sharing&#8221; title=&#8221;Balan\u00e7o Patrimonial 2023&#8243;][\/vc_column][vc_column width=&#8221;1\/4&#8243;][vc_single_image image=&#8221;4302&#8243; alignment=&#8221;center&#8221; onclick=&#8221;custom_link&#8221; link=&#8221;https:\/\/caminhodafe.com.br\/ptbr\/wp-content\/uploads\/2023\/06\/Balanco-Patrimonial-2022.pdf&#8221; title=&#8221;Balan\u00e7o Patrimonial 2022&#8243;][\/vc_column][\/vc_row][vc_row][vc_column width=&#8221;1\/4&#8243;][vc_single_image image=&#8221;4302&#8243; alignment=&#8221;center&#8221; onclick=&#8221;custom_link&#8221; link=&#8221;https:\/\/caminhodafe.com.br\/ptbr\/wp-content\/uploads\/2023\/06\/Balanco-Patrimonial-2021.pdf&#8221; title=&#8221;Balan\u00e7o Patrimonial 2021&#8243;][\/vc_column][vc_column width=&#8221;1\/4&#8243;][vc_single_image image=&#8221;4302&#8243; alignment=&#8221;center&#8221; onclick=&#8221;custom_link&#8221; link=&#8221;https:\/\/caminhodafe.com.br\/ptbr\/wp-content\/uploads\/2023\/06\/Balanco-Patrimonial-2020.pdf&#8221; title=&#8221;Balan\u00e7o Patrimonial 2020&#8243;][\/vc_column][vc_column width=&#8221;1\/4&#8243;][vc_single_image image=&#8221;4302&#8243; alignment=&#8221;center&#8221; onclick=&#8221;custom_link&#8221; link=&#8221;https:\/\/drive.google.com\/file\/d\/1YCz8sZ5I00J0Fs4VDmCDhG2_ku1TUjR0\/view?usp=sharing&#8221; title=&#8221;Balan\u00e7o Patrimonial 2019&#8243;][\/vc_column][vc_column width=&#8221;1\/4&#8243;][vc_single_image image=&#8221;4302&#8243; alignment=&#8221;center&#8221; onclick=&#8221;custom_link&#8221; link=&#8221;https:\/\/drive.google.com\/file\/d\/134L58wA8Ww1f_Zns3jU1m8dsbi-Ccd-7\/view?usp=sharing&#8221; title=&#8221;Balan\u00e7o Patrimonial 2018&#8243;][\/vc_column][\/vc_row][vc_row][vc_column width=&#8221;1\/4&#8243;][vc_single_image image=&#8221;4302&#8243; alignment=&#8221;center&#8221; onclick=&#8221;custom_link&#8221; link=&#8221;https:\/\/drive.google.com\/file\/d\/1-zJflwGuvuTbTUNucbCSlTasTuxvQX5K\/view?usp=sharing&#8221; title=&#8221;Balan\u00e7o Patrimonial 2017&#8243;][\/vc_column][vc_column width=&#8221;1\/4&#8243;][\/vc_column][vc_column width=&#8221;1\/4&#8243;][\/vc_column][vc_column width=&#8221;1\/4&#8243;][\/vc_column][\/vc_row][vc_row][vc_column][vc_column_text] DEMONSTRATIVOS DE RESULTADO [\/vc_column_text][\/vc_column][\/vc_row][vc_row][vc_column width=&#8221;1\/4&#8243;][vc_single_image image=&#8221;2772&#8243; alignment=&#8221;center&#8221; onclick=&#8221;custom_link&#8221; link=&#8221;https:\/\/caminhodafe.com.br\/ptbr\/wp-content\/uploads\/2026\/04\/DRE-2025.pdf&#8221; title=&#8221;DRE 2025&#8243;][\/vc_column][vc_column width=&#8221;1\/4&#8243;][vc_single_image image=&#8221;2772&#8243; alignment=&#8221;center&#8221; onclick=&#8221;custom_link&#8221; link=&#8221;https:\/\/drive.google.com\/file\/d\/1noE8l1D1Q6fyipMOOaGji39I2K3IMLVI\/view?usp=sharing&#8221; title=&#8221;DRE 2024&#8243;][\/vc_column][vc_column width=&#8221;1\/4&#8243;][vc_single_image image=&#8221;2772&#8243; alignment=&#8221;center&#8221; onclick=&#8221;custom_link&#8221; link=&#8221;https:\/\/drive.google.com\/file\/d\/1GCHCbDPRSYWJmyOETbxDV0G-n9mVw_xX\/view?usp=sharing&#8221; title=&#8221;DRE 2023&#8243;][\/vc_column][vc_column width=&#8221;1\/4&#8243;][vc_single_image image=&#8221;2772&#8243; alignment=&#8221;center&#8221; onclick=&#8221;custom_link&#8221; link=&#8221;https:\/\/caminhodafe.com.br\/ptbr\/wp-content\/uploads\/2023\/06\/DRE-2022.pdf&#8221; title=&#8221;DRE 2022&#8243;][\/vc_column][\/vc_row][vc_row][vc_column width=&#8221;1\/4&#8243;][vc_single_image image=&#8221;2772&#8243; alignment=&#8221;center&#8221; onclick=&#8221;custom_link&#8221; link=&#8221;https:\/\/caminhodafe.com.br\/ptbr\/wp-content\/uploads\/2023\/06\/DRE-2021.pdf&#8221; title=&#8221;DRE 2021&#8243;][\/vc_column][vc_column width=&#8221;1\/4&#8243;][vc_single_image image=&#8221;2772&#8243; alignment=&#8221;center&#8221; onclick=&#8221;custom_link&#8221; link=&#8221;https:\/\/caminhodafe.com.br\/ptbr\/wp-content\/uploads\/2023\/06\/DRE-2020.pdf&#8221; title=&#8221;DRE 2020&#8243;][\/vc_column][vc_column width=&#8221;1\/4&#8243;][vc_single_image image=&#8221;4302&#8243; alignment=&#8221;center&#8221; onclick=&#8221;custom_link&#8221; link=&#8221;https:\/\/drive.google.com\/file\/d\/1xiiIweaqm9Y_ZeEHvV2ObUfQqC_YAVvm\/view?usp=sharing&#8221; title=&#8221;DRE 2019&#8243;][\/vc_column][vc_column width=&#8221;1\/4&#8243;][vc_single_image image=&#8221;4302&#8243; alignment=&#8221;center&#8221; onclick=&#8221;custom_link&#8221; link=&#8221;https:\/\/drive.google.com\/file\/d\/17U4giLzIPJ0tIfIX7-We6lS4Ge0DnfR1\/view?usp=sharing&#8221; title=&#8221;DRE 2018&#8243;][\/vc_column][\/vc_row][vc_row][vc_column width=&#8221;1\/4&#8243;][vc_single_image image=&#8221;4302&#8243; alignment=&#8221;center&#8221; onclick=&#8221;custom_link&#8221; link=&#8221;https:\/\/drive.google.com\/file\/d\/1kYAsgUj25gHO3XwNkF_EGr8FFYYHLTzo\/view?usp=sharing&#8221; title=&#8221;DRE 2017&#8243;][\/vc_column][vc_column width=&#8221;1\/4&#8243;][\/vc_column][vc_column width=&#8221;1\/4&#8243;][\/vc_column][vc_column width=&#8221;1\/4&#8243;][\/vc_column][\/vc_row]<\/p>\n","protected":false},"author":1,"featured_media":0,"parent":0,"menu_order":0,"comment_status":"closed","ping_status":"closed","template":"","meta":{"content-type":"","_monsterinsights_skip_tracking":false,"_monsterinsights_sitenote_active":false,"_monsterinsights_sitenote_note":"","_monsterinsights_sitenote_category":0,"footnotes":""},"class_list":["post-2706","page","type-page","status-publish","hentry"],"_links":{"self":[{"href":"https:\/\/caminhodafe.com.br\/ptbr\/wp-json\/wp\/v2\/pages\/2706","targetHints":{"allow":["GET"]}}],"collection":[{"href":"https:\/\/caminhodafe.com.br\/ptbr\/wp-json\/wp\/v2\/pages"}],"about":[{"href":"https:\/\/caminhodafe.com.br\/ptbr\/wp-json\/wp\/v2\/types\/page"}],"author":[{"embeddable":true,"href":"https:\/\/caminhodafe.com.br\/ptbr\/wp-json\/wp\/v2\/users\/1"}],"replies":[{"embeddable":true,"href":"https:\/\/caminhodafe.com.br\/ptbr\/wp-json\/wp\/v2\/comments?post=2706"}],"version-history":[{"count":9,"href":"https:\/\/caminhodafe.com.br\/ptbr\/wp-json\/wp\/v2\/pages\/2706\/revisions"}],"predecessor-version":[{"id":11764,"href":"https:\/\/caminhodafe.com.br\/ptbr\/wp-json\/wp\/v2\/pages\/2706\/revisions\/11764"}],"wp:attachment":[{"href":"https:\/\/caminhodafe.com.br\/ptbr\/wp-json\/wp\/v2\/media?parent=2706"}],"curies":[{"name":"wp","href":"https:\/\/api.w.org\/{rel}","templated":true}]}}