{"id":2701,"date":"2018-10-08T14:51:18","date_gmt":"2018-10-08T17:51:18","guid":{"rendered":"https:\/\/caminhodafe.com.br\/ptbr\/?page_id=2701"},"modified":"2025-12-17T14:08:18","modified_gmt":"2025-12-17T17:08:18","slug":"composicao-da-equipe-executiva","status":"publish","type":"page","link":"https:\/\/caminhodafe.com.br\/ptbr\/composicao-da-equipe-executiva\/","title":{"rendered":"Equipe Executiva"},"content":{"rendered":"<section class=\"wpb-content-wrapper\"><p>[vc_row][vc_column][vc_column_text]<\/p>\n<h2 style=\"text-align: center\"><span style=\"color: #000080\">EQUIPE EXECUTIVA<\/span><\/h2>\n<p>[\/vc_column_text][\/vc_column][\/vc_row][vc_row][vc_column width=&#8221;1\/3&#8243;][vc_column_text]<\/p>\n<h2>Camila Bassi Teixeira \u2013 Assessora de Planejamento<\/h2>\n<p>[\/vc_column_text][vc_single_image image=&#8221;7700&#8243; img_size=&#8221;full&#8221;][\/vc_column][vc_column width=&#8221;1\/3&#8243;][vc_column_text]<\/p>\n<h2>Solange Barroso Silveira \u2013 Assessora Financeira<\/h2>\n<p>[\/vc_column_text][vc_single_image image=&#8221;7696&#8243; img_size=&#8221;medium&#8221;][\/vc_column][vc_column width=&#8221;1\/3&#8243;][vc_column_text]<\/p>\n<h2>Maria Monica Vieira Rosa \u2013 Assessora de Conv\u00eanios<\/h2>\n<p>[\/vc_column_text][vc_single_image image=&#8221;8342&#8243; img_size=&#8221;medium&#8221;][\/vc_column][\/vc_row][vc_row][vc_column][vc_separator color=&#8221;blue&#8221; border_width=&#8221;3&#8243;][\/vc_column][\/vc_row][vc_row][vc_column width=&#8221;1\/3&#8243;][vc_column_text]<\/p>\n<h2>Sophia Maturana \u2013 Recepcionista<\/h2>\n<p>[\/vc_column_text][vc_empty_space height=&#8221;88px&#8221;][vc_single_image image=&#8221;11075&#8243; img_size=&#8221;medium&#8221;][\/vc_column][vc_column width=&#8221;1\/3&#8243;][vc_column_text]<\/p>\n<h2>Maria Michelle dos Reis \u2013 Assistente Administrativa<\/h2>\n<p>[\/vc_column_text][vc_empty_space height=&#8221;30px&#8221;][vc_single_image image=&#8221;11074&#8243; img_size=&#8221;200&#215;200&#8243;][\/vc_column][vc_column width=&#8221;1\/3&#8243;][vc_column_text]<\/p>\n<h2>Carolini Campos \u2013 Assistente Administrativa<\/h2>\n<p>[\/vc_column_text][vc_empty_space height=&#8221;88px&#8221;][vc_single_image image=&#8221;7697&#8243; img_size=&#8221;medium&#8221;][\/vc_column][\/vc_row][vc_row][vc_column width=&#8221;1\/3&#8243;][vc_column_text]<\/p>\n<h2>Bruno Turbianni \u2013 Assessor de Manuten\u00e7\u00e3o e Sinaliza\u00e7\u00e3o da Rota<\/h2>\n<p>[\/vc_column_text][vc_empty_space height=&#8221;88px&#8221;][vc_single_image image=&#8221;7740&#8243; img_size=&#8221;medium&#8221;][\/vc_column][vc_column width=&#8221;1\/3&#8243;][vc_column_text]<\/p>\n<h2>Ana Paula Rinaldi \u2013 Coordenadora Rede Empreendedora<\/h2>\n<p>[\/vc_column_text][vc_empty_space height=&#8221;88px&#8221;][vc_single_image image=&#8221;11246&#8243; img_size=&#8221;medium&#8221;][\/vc_column][vc_column width=&#8221;1\/3&#8243;][\/vc_column][\/vc_row][vc_row][vc_column][vc_column_text]<\/p>\n<h2 style=\"text-align: center\"><span style=\"color: #000080\">PRESTADORES <\/span><span style=\"color: #000080\">DE SERVI\u00c7OS<\/span><\/h2>\n<p>[\/vc_column_text][\/vc_column][\/vc_row][vc_row][vc_column][vc_separator color=&#8221;blue&#8221; border_width=&#8221;3&#8243;][\/vc_column][\/vc_row][vc_row][vc_column width=&#8221;1\/2&#8243;][vc_single_image image=&#8221;7748&#8243; img_size=&#8221;full&#8221; alignment=&#8221;center&#8221; onclick=&#8221;custom_link&#8221; link=&#8221;https:\/\/www.instagram.com\/combopropaganda\/&#8221;][\/vc_column][vc_column width=&#8221;1\/2&#8243;][vc_single_image image=&#8221;7745&#8243; img_size=&#8221;full&#8221; alignment=&#8221;center&#8221; onclick=&#8221;custom_link&#8221; link=&#8221;https:\/\/www.magnatutela.com.br\/&#8221;][\/vc_column][\/vc_row][vc_row][vc_column width=&#8221;1\/2&#8243;][vc_single_image image=&#8221;7747&#8243; img_size=&#8221;full&#8221; alignment=&#8221;center&#8221; onclick=&#8221;custom_link&#8221; link=&#8221;https:\/\/www.dezenaebuffo.com.br\/&#8221;][\/vc_column][vc_column width=&#8221;1\/2&#8243;][vc_single_image image=&#8221;7744&#8243; img_size=&#8221;full&#8221; alignment=&#8221;center&#8221; onclick=&#8221;custom_link&#8221; link=&#8221;https:\/\/www.contabilidadefiscon.com.br\/&#8221;][\/vc_column][\/vc_row]<\/p>\n<\/section>","protected":false},"excerpt":{"rendered":"<p>[vc_row][vc_column][vc_column_text] EQUIPE EXECUTIVA [\/vc_column_text][\/vc_column][\/vc_row][vc_row][vc_column width=&#8221;1\/3&#8243;][vc_column_text] Camila Bassi Teixeira \u2013 Assessora de Planejamento [\/vc_column_text][vc_single_image image=&#8221;7700&#8243; img_size=&#8221;full&#8221;][\/vc_column][vc_column width=&#8221;1\/3&#8243;][vc_column_text] Solange Barroso Silveira \u2013 Assessora Financeira [\/vc_column_text][vc_single_image image=&#8221;7696&#8243; img_size=&#8221;medium&#8221;][\/vc_column][vc_column width=&#8221;1\/3&#8243;][vc_column_text] Maria Monica Vieira Rosa \u2013 Assessora de Conv\u00eanios [\/vc_column_text][vc_single_image image=&#8221;8342&#8243; img_size=&#8221;medium&#8221;][\/vc_column][\/vc_row][vc_row][vc_column][vc_separator color=&#8221;blue&#8221; border_width=&#8221;3&#8243;][\/vc_column][\/vc_row][vc_row][vc_column width=&#8221;1\/3&#8243;][vc_column_text] Sophia Maturana \u2013 Recepcionista [\/vc_column_text][vc_empty_space height=&#8221;88px&#8221;][vc_single_image image=&#8221;11075&#8243; img_size=&#8221;medium&#8221;][\/vc_column][vc_column width=&#8221;1\/3&#8243;][vc_column_text] Maria Michelle dos Reis \u2013 Assistente Administrativa [\/vc_column_text][vc_empty_space height=&#8221;30px&#8221;][vc_single_image image=&#8221;11074&#8243; img_size=&#8221;200&#215;200&#8243;][\/vc_column][vc_column width=&#8221;1\/3&#8243;][vc_column_text] Carolini Campos \u2013 Assistente Administrativa [\/vc_column_text][vc_empty_space height=&#8221;88px&#8221;][vc_single_image image=&#8221;7697&#8243; img_size=&#8221;medium&#8221;][\/vc_column][\/vc_row][vc_row][vc_column width=&#8221;1\/3&#8243;][vc_column_text] Bruno Turbianni \u2013 Assessor de Manuten\u00e7\u00e3o e Sinaliza\u00e7\u00e3o da Rota [\/vc_column_text][vc_empty_space height=&#8221;88px&#8221;][vc_single_image image=&#8221;7740&#8243; img_size=&#8221;medium&#8221;][\/vc_column][vc_column width=&#8221;1\/3&#8243;][vc_column_text] Ana Paula Rinaldi \u2013 Coordenadora Rede Empreendedora [\/vc_column_text][vc_empty_space height=&#8221;88px&#8221;][vc_single_image image=&#8221;11246&#8243; img_size=&#8221;medium&#8221;][\/vc_column][vc_column width=&#8221;1\/3&#8243;][\/vc_column][\/vc_row][vc_row][vc_column][vc_column_text] PRESTADORES DE SERVI\u00c7OS [\/vc_column_text][\/vc_column][\/vc_row][vc_row][vc_column][vc_separator color=&#8221;blue&#8221; border_width=&#8221;3&#8243;][\/vc_column][\/vc_row][vc_row][vc_column width=&#8221;1\/2&#8243;][vc_single_image image=&#8221;7748&#8243; img_size=&#8221;full&#8221; alignment=&#8221;center&#8221; onclick=&#8221;custom_link&#8221; link=&#8221;https:\/\/www.instagram.com\/combopropaganda\/&#8221;][\/vc_column][vc_column width=&#8221;1\/2&#8243;][vc_single_image image=&#8221;7745&#8243; img_size=&#8221;full&#8221; alignment=&#8221;center&#8221; onclick=&#8221;custom_link&#8221; link=&#8221;https:\/\/www.magnatutela.com.br\/&#8221;][\/vc_column][\/vc_row][vc_row][vc_column width=&#8221;1\/2&#8243;][vc_single_image image=&#8221;7747&#8243; img_size=&#8221;full&#8221; alignment=&#8221;center&#8221; onclick=&#8221;custom_link&#8221; link=&#8221;https:\/\/www.dezenaebuffo.com.br\/&#8221;][\/vc_column][vc_column width=&#8221;1\/2&#8243;][vc_single_image image=&#8221;7744&#8243; img_size=&#8221;full&#8221; alignment=&#8221;center&#8221; onclick=&#8221;custom_link&#8221; link=&#8221;https:\/\/www.contabilidadefiscon.com.br\/&#8221;][\/vc_column][\/vc_row]<\/p>\n","protected":false},"author":1,"featured_media":0,"parent":0,"menu_order":0,"comment_status":"closed","ping_status":"closed","template":"","meta":{"content-type":"","_monsterinsights_skip_tracking":false,"_monsterinsights_sitenote_active":false,"_monsterinsights_sitenote_note":"","_monsterinsights_sitenote_category":0,"footnotes":""},"class_list":["post-2701","page","type-page","status-publish","hentry"],"_links":{"self":[{"href":"https:\/\/caminhodafe.com.br\/ptbr\/wp-json\/wp\/v2\/pages\/2701","targetHints":{"allow":["GET"]}}],"collection":[{"href":"https:\/\/caminhodafe.com.br\/ptbr\/wp-json\/wp\/v2\/pages"}],"about":[{"href":"https:\/\/caminhodafe.com.br\/ptbr\/wp-json\/wp\/v2\/types\/page"}],"author":[{"embeddable":true,"href":"https:\/\/caminhodafe.com.br\/ptbr\/wp-json\/wp\/v2\/users\/1"}],"replies":[{"embeddable":true,"href":"https:\/\/caminhodafe.com.br\/ptbr\/wp-json\/wp\/v2\/comments?post=2701"}],"version-history":[{"count":14,"href":"https:\/\/caminhodafe.com.br\/ptbr\/wp-json\/wp\/v2\/pages\/2701\/revisions"}],"predecessor-version":[{"id":11248,"href":"https:\/\/caminhodafe.com.br\/ptbr\/wp-json\/wp\/v2\/pages\/2701\/revisions\/11248"}],"wp:attachment":[{"href":"https:\/\/caminhodafe.com.br\/ptbr\/wp-json\/wp\/v2\/media?parent=2701"}],"curies":[{"name":"wp","href":"https:\/\/api.w.org\/{rel}","templated":true}]}}