{"id":11830,"date":"2026-04-26T22:42:05","date_gmt":"2026-04-27T01:42:05","guid":{"rendered":"https:\/\/caminhodafe.com.br\/ptbr\/?page_id=11830"},"modified":"2026-04-26T22:44:23","modified_gmt":"2026-04-27T01:44:23","slug":"ficha-de-solicitacao-de-cadastro-2","status":"publish","type":"page","link":"https:\/\/caminhodafe.com.br\/ptbr\/ficha-de-solicitacao-de-cadastro-2\/","title":{"rendered":"Ficha de Solicita\u00e7\u00e3o de Cadastro"},"content":{"rendered":"<p style=\"font-weight: 400;\">A Associa\u00e7\u00e3o dos Amigos do Caminho da F\u00e9 agradece o seu interesse em participar do processo de an\u00e1lise e sele\u00e7\u00e3o de empreendimentos cadastrados \u00e0 REDE EMPREENDEDORA da AACF.<\/p>\n<p style=\"font-weight: 400;\">Ser\u00e3o levados em conta crit\u00e9rios de cadastro AACF, al\u00e9m de todos os documentos exigidos e comprovados no momento do envio da Ficha de Solicita\u00e7\u00e3o digital.<\/p>\n<p style=\"font-weight: 400;\"><a href=\"https:\/\/sistema.caminhodafe.com.br\/site_cadastro_meios_hospedagem\/\">Cadastro Meios de Hospedagem<\/a><\/p>\n<p><a href=\"https:\/\/sistema.caminhodafe.com.br\/site_cadastro_pontos_apoio\/\">Cadastro de Ponto de Apoio<\/a><\/p>\n<p style=\"font-weight: 400;\">O recebimento da Ficha de Solicita\u00e7\u00e3o n\u00e3o considera o empreendimento, Meio de Hospedagem e\/ou Ponto de Apoio, cadastrado. As comunica\u00e7\u00f5es a respeito do processo de cadastramento ocorrem via e-mail.<\/p>\n<p style=\"font-weight: 400;\">O armazenamento das informa\u00e7\u00f5es dos estabelecimentos seguem as orienta\u00e7\u00f5es legais da LGPO \u2013 Lei Geral de Prote\u00e7\u00e3o de Dados e ser\u00e3o descartadas caso n\u00e3o haja a aprova\u00e7\u00e3o positiva.<\/p>\n<p style=\"font-weight: 400;\">D\u00favidas podem ser esclarecidas atrav\u00e9s do e-mail <a href=\"mailto:redeempreendedora@caminhodafe.com.br\">redeempreendedora@caminhodafe.com.br<\/a> ou WhatsApp: (19) 99856-2620<\/p>\n","protected":false},"excerpt":{"rendered":"<p>A Associa\u00e7\u00e3o dos Amigos do Caminho da F\u00e9 agradece o seu interesse em participar do processo de an\u00e1lise e sele\u00e7\u00e3o de empreendimentos cadastrados \u00e0 REDE EMPREENDEDORA da AACF. Ser\u00e3o levados em conta crit\u00e9rios de cadastro AACF, al\u00e9m de todos os documentos exigidos e comprovados no momento do envio da Ficha de Solicita\u00e7\u00e3o digital. Cadastro Meios de Hospedagem Cadastro de Ponto de Apoio O recebimento da Ficha de Solicita\u00e7\u00e3o n\u00e3o considera o empreendimento, Meio de Hospedagem e\/ou Ponto de Apoio, cadastrado. As comunica\u00e7\u00f5es a respeito do processo de cadastramento ocorrem via e-mail. O armazenamento das informa\u00e7\u00f5es dos estabelecimentos seguem as orienta\u00e7\u00f5es legais da LGPO \u2013 Lei Geral de Prote\u00e7\u00e3o de Dados e ser\u00e3o descartadas caso n\u00e3o haja a aprova\u00e7\u00e3o positiva. D\u00favidas podem ser esclarecidas atrav\u00e9s do e-mail redeempreendedora@caminhodafe.com.br ou WhatsApp: (19) 99856-2620<\/p>\n","protected":false},"author":30480,"featured_media":0,"parent":0,"menu_order":0,"comment_status":"closed","ping_status":"closed","template":"","meta":{"content-type":"","_monsterinsights_skip_tracking":false,"_monsterinsights_sitenote_active":false,"_monsterinsights_sitenote_note":"","_monsterinsights_sitenote_category":0,"footnotes":""},"class_list":["post-11830","page","type-page","status-publish","hentry"],"_links":{"self":[{"href":"https:\/\/caminhodafe.com.br\/ptbr\/wp-json\/wp\/v2\/pages\/11830","targetHints":{"allow":["GET"]}}],"collection":[{"href":"https:\/\/caminhodafe.com.br\/ptbr\/wp-json\/wp\/v2\/pages"}],"about":[{"href":"https:\/\/caminhodafe.com.br\/ptbr\/wp-json\/wp\/v2\/types\/page"}],"author":[{"embeddable":true,"href":"https:\/\/caminhodafe.com.br\/ptbr\/wp-json\/wp\/v2\/users\/30480"}],"replies":[{"embeddable":true,"href":"https:\/\/caminhodafe.com.br\/ptbr\/wp-json\/wp\/v2\/comments?post=11830"}],"version-history":[{"count":3,"href":"https:\/\/caminhodafe.com.br\/ptbr\/wp-json\/wp\/v2\/pages\/11830\/revisions"}],"predecessor-version":[{"id":11836,"href":"https:\/\/caminhodafe.com.br\/ptbr\/wp-json\/wp\/v2\/pages\/11830\/revisions\/11836"}],"wp:attachment":[{"href":"https:\/\/caminhodafe.com.br\/ptbr\/wp-json\/wp\/v2\/media?parent=11830"}],"curies":[{"name":"wp","href":"https:\/\/api.w.org\/{rel}","templated":true}]}}